{"id":340,"date":"2018-02-21T12:37:40","date_gmt":"2018-02-21T12:37:40","guid":{"rendered":"https:\/\/modernbakery.hu\/?page_id=340"},"modified":"2021-06-24T13:53:35","modified_gmt":"2021-06-24T13:53:35","slug":"szakaszos-osztok","status":"publish","type":"page","link":"https:\/\/modernbakery.hu\/?page_id=340","title":{"rendered":"Szakaszos oszt\u00f3k"},"content":{"rendered":"<div id=\"pl-340\"  class=\"panel-layout\" ><div id=\"pg-340-0\"  class=\"panel-grid panel-no-style\" ><div id=\"pgc-340-0-0\"  class=\"panel-grid-cell\" ><div id=\"panel-340-0-0-0\" class=\"so-panel widget widget_sow-editor panel-first-child panel-last-child\" data-index=\"0\" ><div\n\t\t\t\n\t\t\tclass=\"so-widget-sow-editor so-widget-sow-editor-base\"\n\t\t\t\n\t\t>\n<div class=\"siteorigin-widget-tinymce textwidget\">\n\t<h2 style=\"text-align: center;\"><span style=\"color: #a91f24;\">Szakaszos oszt\u00f3k<\/span><\/h2>\n<hr \/>\n<p>\u00a0<\/p>\n<\/div>\n<\/div><\/div><\/div><\/div><div id=\"pg-340-1\"  class=\"panel-grid panel-no-style\" ><div id=\"pgc-340-1-0\"  class=\"panel-grid-cell\" ><div id=\"panel-340-1-0-0\" class=\"so-panel widget widget_sow-editor panel-first-child panel-last-child\" data-index=\"1\" ><div\n\t\t\t\n\t\t\tclass=\"so-widget-sow-editor so-widget-sow-editor-base\"\n\t\t\t\n\t\t><h3 class=\"widget-title\">DSS\/DSA<\/h3>\n<div class=\"siteorigin-widget-tinymce textwidget\">\n\t<p><b>DSS\/DSA t\u00edpus\u00fa f\u00e9lautomata\/automata \u00fczem\u0171 volumetrikus szakaszos \u00fczem\u0171 t\u00e9sztaoszt\u00f3 <\/b><b>g\u00e9pcsal\u00e1d.\u00a0<\/b><b>Megb\u00edzhat\u00f3 vez\u00e9rl\u00e9ssel, szinterezett g\u00e9pv\u00e1zzal, szinterezett burkolattal, a term\u00e9kkel \u00e9rintkez\u0151 fel\u00fcletek \u00e9lelmiszeripari <\/b><b>min\u0151s\u00edt\u00e9ssel rendelkez\u0151<\/b><b> anyagokb\u00f3l.<\/b><b><br \/>\n<\/b><\/p>\n<p>&nbsp;<\/p>\n<p><img loading=\"lazy\" decoding=\"async\" class=\"alignnone wp-image-344\" src=\"https:\/\/modernbakery.hu\/wp-content\/uploads\/2018\/02\/DSS-DSA.jpg\" alt=\"\" width=\"652\" height=\"450\" srcset=\"https:\/\/modernbakery.hu\/wp-content\/uploads\/2018\/02\/DSS-DSA.jpg 900w, https:\/\/modernbakery.hu\/wp-content\/uploads\/2018\/02\/DSS-DSA-300x207.jpg 300w, https:\/\/modernbakery.hu\/wp-content\/uploads\/2018\/02\/DSS-DSA-768x530.jpg 768w, https:\/\/modernbakery.hu\/wp-content\/uploads\/2018\/02\/DSS-DSA-700x483.jpg 700w\" sizes=\"auto, (max-width: 652px) 100vw, 652px\" \/><\/p>\n<p>&nbsp;<\/p>\n<table>\n<tbody>\n<tr>\n<td><b>Model<\/b><\/td>\n<td><b>m\u00e9rt\u00e9k egys\u00e9g<\/b><\/td>\n<td><b>DSS\/DSA<\/b><\/p>\n<p><b>10<\/b><\/p>\n<\/td>\n<td><b>DSS\/DSA<\/b><\/p>\n<p><b>20<\/b><\/p>\n<\/td>\n<td><b>DSS\/DSA<\/b><\/p>\n<p><b>24<\/b><\/p>\n<\/td>\n<td><b>DSS\/DSA<\/b><\/p>\n<p><b>30<\/b><\/p>\n<\/td>\n<td><b>DSS\/DSA<\/b><\/p>\n<p><b>10\/20<\/b><\/p>\n<\/td>\n<td><b>DSS\/DSA<\/b><\/p>\n<p><b>15\/30<\/b><\/p>\n<\/td>\n<td><b>RPS\/RPSA<\/b><\/p>\n<p><b>margarinpr\u00e9s<\/b><\/p>\n<\/td>\n<\/tr>\n<tr>\n<td><b>maxim\u00e1lisan bet\u00f6lthet\u0151 <\/b><b>\u00e9retlen<\/b><b> t\u00e9szta t\u00f6mege<\/b><\/td>\n<td>\n<b>kg<\/b><\/td>\n<td>\n<span style=\"font-weight: 400;\">20<\/span><\/td>\n<td>\n<span style=\"font-weight: 400;\">20<\/span><\/td>\n<td>\n<span style=\"font-weight: 400;\">20<\/span><\/td>\n<td>\n<span style=\"font-weight: 400;\">20<\/span><\/td>\n<td>\n<span style=\"font-weight: 400;\">16<\/span><\/td>\n<td>\n<span style=\"font-weight: 400;\">16<\/span><\/td>\n<td>\n<span style=\"font-weight: 400;\">23<\/span><\/td>\n<\/tr>\n<tr>\n<td><b>egy munkamenetben osztott t\u00e9szt\u00e1k darabsz\u00e1ma<\/b><\/td>\n<td>\n<b>db<\/b><\/td>\n<td>\n<span style=\"font-weight: 400;\">10<\/span><\/td>\n<td>\n<span style=\"font-weight: 400;\">20<\/span><\/td>\n<td>\n<span style=\"font-weight: 400;\">24<\/span><\/td>\n<td>\n<span style=\"font-weight: 400;\">30<\/span><\/td>\n<td>\n<span style=\"font-weight: 400;\">10\/20<\/span><\/td>\n<td>\n<span style=\"font-weight: 400;\">15\/30<\/span><\/td>\n<td>\n<span style=\"font-weight: 400;\">-<\/span><\/td>\n<\/tr>\n<tr>\n<td><b>Osztott t\u00e9szt\u00e1k t\u00f6mege \/t\u00f3l-ig\/<\/b><\/td>\n<td>\n<b>g<\/b><\/td>\n<td>\n<span style=\"font-weight: 400;\">300-2000<\/span><\/td>\n<td>\n<span style=\"font-weight: 400;\">150-1000<\/span><\/td>\n<td>\n<span style=\"font-weight: 400;\">120-820<\/span><\/td>\n<td>\n<span style=\"font-weight: 400;\">90-650<\/span><\/td>\n<td>\n<span style=\"font-weight: 400;\">150-1600<\/span><\/td>\n<td>\n<span style=\"font-weight: 400;\">90-1050<\/span><\/td>\n<td>\n<span style=\"font-weight: 400;\">-<\/span><\/td>\n<\/tr>\n<tr>\n<td><b>be\u00e9p\u00edtett kW<\/b><\/td>\n<td><b>kW<\/b><\/td>\n<td><span style=\"font-weight: 400;\">0,75<\/span><\/td>\n<td><span style=\"font-weight: 400;\">0,75<\/span><\/td>\n<td><span style=\"font-weight: 400;\">0,75<\/span><\/td>\n<td><span style=\"font-weight: 400;\">0,75<\/span><\/td>\n<td><span style=\"font-weight: 400;\">0,75<\/span><\/td>\n<td><span style=\"font-weight: 400;\">0,75<\/span><\/td>\n<td><span style=\"font-weight: 400;\">0,75<\/span><\/td>\n<\/tr>\n<tr>\n<td><b>saj\u00e1t t\u00f6meg<\/b><\/td>\n<td><b>kg<\/b><\/td>\n<td><span style=\"font-weight: 400;\">240<\/span><\/td>\n<td><span style=\"font-weight: 400;\">240<\/span><\/td>\n<td><span style=\"font-weight: 400;\">240<\/span><\/td>\n<td><span style=\"font-weight: 400;\">240<\/span><\/td>\n<td><span style=\"font-weight: 400;\">240<\/span><\/td>\n<td><span style=\"font-weight: 400;\">240<\/span><\/td>\n<td><span style=\"font-weight: 400;\">220<\/span><\/td>\n<\/tr>\n<\/tbody>\n<\/table>\n<p>&nbsp;<\/p>\n<p style=\"text-align: center;\"><strong>osztott t\u00e9szt\u00e1k m\u00e9retei:<\/strong><\/p>\n<p style=\"text-align: center;\"><strong>\u00a0\u00a0\u00a0\u00a0\u00a0\u00a0\u00a0\u00a0\u00a0\u00a0 DSS\/DSA 10 \u00a0\u00a0\u00a0\u00a0\u00a0\u00a0\u00a0\u00a0\u00a0\u00a0\u00a0\u00a0\u00a0DSS\/DSA 20\u00a0\u00a0\u00a0\u00a0\u00a0\u00a0\u00a0\u00a0\u00a0\u00a0\u00a0\u00a0\u00a0\u00a0\u00a0\u00a0 DSS\/DSA 24\u00a0\u00a0\u00a0\u00a0\u00a0\u00a0\u00a0\u00a0\u00a0\u00a0\u00a0\u00a0\u00a0\u00a0\u00a0\u00a0\u00a0\u00a0 DSS\/DSA 30<\/strong><\/p>\n<p style=\"text-align: center;\"><img loading=\"lazy\" decoding=\"async\" class=\"alignnone size-full wp-image-349\" src=\"https:\/\/modernbakery.hu\/wp-content\/uploads\/2018\/02\/DSS-DSA-meret.jpg\" alt=\"\" width=\"562\" height=\"92\" srcset=\"https:\/\/modernbakery.hu\/wp-content\/uploads\/2018\/02\/DSS-DSA-meret.jpg 562w, https:\/\/modernbakery.hu\/wp-content\/uploads\/2018\/02\/DSS-DSA-meret-300x49.jpg 300w\" sizes=\"auto, (max-width: 562px) 100vw, 562px\" \/><\/p>\n<p style=\"text-align: center;\">\n<p>&nbsp;<\/p>\n<p><img loading=\"lazy\" decoding=\"async\" class=\"alignnone size-full wp-image-1252\" src=\"https:\/\/modernbakery.hu\/wp-content\/uploads\/2021\/06\/100-100-200-100.png\" alt=\"\" width=\"133\" height=\"146\" \/><\/p>\n<p style=\"text-align: center;\"><b>DSS\/DSA 10\/20<\/b><\/p>\n<p>&nbsp;<\/p>\n<p><img loading=\"lazy\" decoding=\"async\" class=\"alignnone size-full wp-image-1253\" src=\"https:\/\/modernbakery.hu\/wp-content\/uploads\/2021\/06\/80-80-168-80.png\" alt=\"\" width=\"134\" height=\"140\" \/><\/p>\n<p style=\"text-align: center;\"><b>DSS\/DSA 15\/30<\/b><\/p>\n<p style=\"text-align: center;\">\n<img loading=\"lazy\" decoding=\"async\" class=\"alignnone size-large wp-image-1251\" src=\"https:\/\/modernbakery.hu\/wp-content\/uploads\/2021\/06\/DSS-DSA-700x263.jpg\" alt=\"\" width=\"700\" height=\"263\" srcset=\"https:\/\/modernbakery.hu\/wp-content\/uploads\/2021\/06\/DSS-DSA-700x263.jpg 700w, https:\/\/modernbakery.hu\/wp-content\/uploads\/2021\/06\/DSS-DSA-300x113.jpg 300w, https:\/\/modernbakery.hu\/wp-content\/uploads\/2021\/06\/DSS-DSA-768x288.jpg 768w, https:\/\/modernbakery.hu\/wp-content\/uploads\/2021\/06\/DSS-DSA.jpg 970w\" sizes=\"auto, (max-width: 700px) 100vw, 700px\" \/><b>Az adatok t\u00e1j\u00e9koztat\u00f3 jelleg\u0171ek, a gy\u00e1rt\u00f3 a v\u00e1ltoz\u00e1s jog\u00e1t fenntartja<\/b><\/p>\n<p style=\"text-align: center;\">\n<\/div>\n<\/div><\/div><\/div><\/div><div id=\"pg-340-2\"  class=\"panel-grid panel-no-style\" ><div id=\"pgc-340-2-0\"  class=\"panel-grid-cell\" ><div id=\"panel-340-2-0-0\" class=\"so-panel widget widget_sow-editor panel-first-child\" data-index=\"2\" ><div\n\t\t\t\n\t\t\tclass=\"so-widget-sow-editor so-widget-sow-editor-base\"\n\t\t\t\n\t\t><h3 class=\"widget-title\">DES\/DEA<\/h3>\n<div class=\"siteorigin-widget-tinymce textwidget\">\n\t<p><b>DES\/DEA t\u00edpus\u00fa f\u00e9lautomata\/automata \u00fczem\u0171 volumetrikus szakaszos \u00fczem\u0171 kis\u00fczemi t\u00e9sztaoszt\u00f3 <\/b><b>g\u00e9pcsal\u00e1d. <\/b><b>Megb\u00edzhat\u00f3 vez\u00e9rl\u00e9ssel, szinterezett g\u00e9pv\u00e1zzal, szinterezett burkolattal, a term\u00e9kkel \u00e9rintkez\u0151 fel\u00fcletek \u00e9lelmiszeripari <\/b><b>min\u0151s\u00edt\u00e9ssel rendelkez\u0151<\/b><b> anyagokb\u00f3l.<\/b><\/p>\n<h4><\/h4>\n<h4 style=\"text-align: center;\"><strong>DES\u00a0\u00a0\u00a0\u00a0\u00a0\u00a0\u00a0\u00a0\u00a0\u00a0\u00a0\u00a0\u00a0\u00a0\u00a0\u00a0\u00a0\u00a0\u00a0\u00a0\u00a0\u00a0\u00a0\u00a0\u00a0\u00a0\u00a0\u00a0\u00a0 \u00a0 \u00a0 \u00a0 \u00a0 \u00a0 \u00a0 \u00a0 \u00a0 \u00a0 \u00a0 \u00a0 \u00a0 \u00a0 \u00a0DEA<\/strong><\/h4>\n<p><strong><img loading=\"lazy\" decoding=\"async\" class=\"alignnone size-full wp-image-344\" src=\"https:\/\/modernbakery.hu\/wp-content\/uploads\/2018\/02\/DSS-DSA.jpg\" alt=\"\" width=\"900\" height=\"621\" srcset=\"https:\/\/modernbakery.hu\/wp-content\/uploads\/2018\/02\/DSS-DSA.jpg 900w, https:\/\/modernbakery.hu\/wp-content\/uploads\/2018\/02\/DSS-DSA-300x207.jpg 300w, https:\/\/modernbakery.hu\/wp-content\/uploads\/2018\/02\/DSS-DSA-768x530.jpg 768w, https:\/\/modernbakery.hu\/wp-content\/uploads\/2018\/02\/DSS-DSA-700x483.jpg 700w\" sizes=\"auto, (max-width: 900px) 100vw, 900px\" \/><\/strong><\/p>\n<table>\n<tbody>\n<tr>\n<td><b>Model<\/b><\/td>\n<td><b>m\u00e9rt\u00e9k egys\u00e9g<\/b><\/td>\n<td><b>DES\/DEA<\/b><\/p>\n<p><b>1985<\/b><\/p>\n<\/td>\n<td><b>DES\/DEA<\/b><\/p>\n<p><b>3757<\/b><\/p>\n<\/td>\n<td><b>DES\/DEA<\/b><\/p>\n<p><b>3760<\/b><\/p>\n<\/td>\n<td><b>DES\/DEA<\/b><\/p>\n<p><b>3763<\/b><\/p>\n<\/td>\n<\/tr>\n<tr>\n<td><b>maxim\u00e1lisan bet\u00f6lthet\u0151 <\/b><b>\u00e9retlen<\/b><b> t\u00e9szta t\u00f6mege<\/b><\/td>\n<td>\n<b>kg<\/b><\/td>\n<td>\n<span style=\"font-weight: 400;\">6<\/span><\/td>\n<td>\n<span style=\"font-weight: 400;\">4,8<\/span><\/td>\n<td>\n<span style=\"font-weight: 400;\">5<\/span><\/td>\n<td>\n<span style=\"font-weight: 400;\">6<\/span><\/td>\n<\/tr>\n<tr>\n<td><b>egy munkamenetben osztott t\u00e9szt\u00e1k darabsz\u00e1ma<\/b><\/td>\n<td>\n<b>db<\/b><\/td>\n<td>\n<span style=\"font-weight: 400;\">19<\/span><\/td>\n<td>\n<span style=\"font-weight: 400;\">37<\/span><\/td>\n<td>\n<span style=\"font-weight: 400;\">37<\/span><\/td>\n<td>\n<span style=\"font-weight: 400;\">37<\/span><\/td>\n<\/tr>\n<tr>\n<td><b>Osztott t\u00e9szt\u00e1k t\u00f6mege \/t\u00f3l-ig\/<\/b><\/td>\n<td>\n<b>g<\/b><\/td>\n<td>\n<span style=\"font-weight: 400;\">90-300<\/span><\/td>\n<td>\n<span style=\"font-weight: 400;\">30-130<\/span><\/td>\n<td>\n<span style=\"font-weight: 400;\">35-135<\/span><\/td>\n<td>\n<span style=\"font-weight: 400;\">40-160<\/span><\/td>\n<\/tr>\n<tr>\n<td><b>be\u00e9p\u00edtett kW<\/b><\/td>\n<td><b>kW<\/b><\/td>\n<td><span style=\"font-weight: 400;\">0,75<\/span><\/td>\n<td><span style=\"font-weight: 400;\">0,75<\/span><\/td>\n<td><span style=\"font-weight: 400;\">0,75<\/span><\/td>\n<td><span style=\"font-weight: 400;\">0,75<\/span><\/td>\n<\/tr>\n<tr>\n<td><b>saj\u00e1t t\u00f6meg<\/b><\/td>\n<td><b>kg<\/b><\/td>\n<td><span style=\"font-weight: 400;\">190<\/span><\/td>\n<td><span style=\"font-weight: 400;\">190<\/span><\/td>\n<td><span style=\"font-weight: 400;\">190<\/span><\/td>\n<td><span style=\"font-weight: 400;\">190<\/span><\/td>\n<\/tr>\n<\/tbody>\n<\/table>\n<p style=\"text-align: center;\"><strong>Az osztott t\u00e9szt\u00e1k geometriai m\u00e9retei:<\/strong><\/p>\n<p style=\"text-align: center;\"><img loading=\"lazy\" decoding=\"async\" class=\"alignnone size-full wp-image-354\" src=\"https:\/\/modernbakery.hu\/wp-content\/uploads\/2018\/02\/des-dea-meret.jpg\" alt=\"\" width=\"566\" height=\"109\" srcset=\"https:\/\/modernbakery.hu\/wp-content\/uploads\/2018\/02\/des-dea-meret.jpg 566w, https:\/\/modernbakery.hu\/wp-content\/uploads\/2018\/02\/des-dea-meret-300x58.jpg 300w\" sizes=\"auto, (max-width: 566px) 100vw, 566px\" \/><\/p>\n<p>&nbsp;<\/p>\n<p style=\"text-align: center;\"><img loading=\"lazy\" decoding=\"async\" class=\"alignnone size-large wp-image-1255\" src=\"https:\/\/modernbakery.hu\/wp-content\/uploads\/2021\/06\/DES-DEA-700x418.jpg\" alt=\"\" width=\"700\" height=\"418\" srcset=\"https:\/\/modernbakery.hu\/wp-content\/uploads\/2021\/06\/DES-DEA-700x418.jpg 700w, https:\/\/modernbakery.hu\/wp-content\/uploads\/2021\/06\/DES-DEA-300x179.jpg 300w, https:\/\/modernbakery.hu\/wp-content\/uploads\/2021\/06\/DES-DEA.jpg 712w\" sizes=\"auto, (max-width: 700px) 100vw, 700px\" \/><\/p>\n<p style=\"text-align: center;\"><strong>Az adatok t\u00e1j\u00e9koztat\u00f3 jelleg\u0171ek a v\u00e1ltoztat\u00e1s jog\u00e1t fenntartja mag\u00e1nak a gy\u00e1rt\u00f3<\/strong><\/p>\n<\/div>\n<\/div><\/div><div id=\"panel-340-2-0-1\" class=\"so-panel widget widget_sow-button panel-last-child\" data-index=\"3\" ><div\n\t\t\t\n\t\t\tclass=\"so-widget-sow-button so-widget-sow-button-atom-1038cf0caefd-340\"\n\t\t\t\n\t\t><div class=\"ow-button-base ow-button-align-center\"\n>\n\t\t\t<a\n\t\t\t\t\thref=\"https:\/\/modernbakery.hu\/pdf\/brochure-dividers%202021.pdf\"\n\t\t\t\t\tclass=\"sowb-button ow-icon-placement-left ow-button-hover\" target=\"_blank\" rel=\"noopener noreferrer\" \t>\n\t\t<span>\n\t\t\t\t\t\t\t<div class=\"sow-icon-image\" style=\"background-image: url(https:\/\/modernbakery.hu\/wp-content\/uploads\/2018\/02\/g0ec05439b5b50e2376f33e1ecb83f245d28bf698b5a7c3ace86a22675e5a709ac7509c32d7c5e6d6be84972ab45480fa_1920-150x150.png)\"><\/div>\n\t\t\t\t\n\t\t\tLet\u00f6lthet\u0151 PDF\t\t<\/span>\n\t\t\t<\/a>\n\t<\/div>\n<\/div><\/div><\/div><\/div><\/div>","protected":false},"excerpt":{"rendered":"<p>Szakaszos oszt\u00f3k \u00a0 DSS\/DSA t\u00edpus\u00fa f\u00e9lautomata\/automata \u00fczem\u0171 volumetrikus szakaszos \u00fczem\u0171 t\u00e9sztaoszt\u00f3 g\u00e9pcsal\u00e1d.\u00a0Megb\u00edzhat\u00f3 vez\u00e9rl\u00e9ssel, szinterezett g\u00e9pv\u00e1zzal, szinterezett burkolattal, a term\u00e9kkel \u00e9rintkez\u0151 fel\u00fcletek \u00e9lelmiszeripari min\u0151s\u00edt\u00e9ssel rendelkez\u0151 anyagokb\u00f3l. &nbsp; &nbsp; Model m\u00e9rt\u00e9k egys\u00e9g DSS\/DSA 10 DSS\/DSA 20 DSS\/DSA 24 DSS\/DSA 30 DSS\/DSA 10\/20 DSS\/DSA 15\/30 RPS\/RPSA margarinpr\u00e9s maxim\u00e1lisan bet\u00f6lthet\u0151 \u00e9retlen t\u00e9szta t\u00f6mege kg 20 20 20 20 16 [&hellip;]<\/p>\n","protected":false},"author":4,"featured_media":0,"parent":0,"menu_order":0,"comment_status":"closed","ping_status":"closed","template":"","meta":{"footnotes":""},"class_list":["post-340","page","type-page","status-publish","hentry"],"_links":{"self":[{"href":"https:\/\/modernbakery.hu\/index.php?rest_route=\/wp\/v2\/pages\/340","targetHints":{"allow":["GET"]}}],"collection":[{"href":"https:\/\/modernbakery.hu\/index.php?rest_route=\/wp\/v2\/pages"}],"about":[{"href":"https:\/\/modernbakery.hu\/index.php?rest_route=\/wp\/v2\/types\/page"}],"author":[{"embeddable":true,"href":"https:\/\/modernbakery.hu\/index.php?rest_route=\/wp\/v2\/users\/4"}],"replies":[{"embeddable":true,"href":"https:\/\/modernbakery.hu\/index.php?rest_route=%2Fwp%2Fv2%2Fcomments&post=340"}],"version-history":[{"count":32,"href":"https:\/\/modernbakery.hu\/index.php?rest_route=\/wp\/v2\/pages\/340\/revisions"}],"predecessor-version":[{"id":343,"href":"https:\/\/modernbakery.hu\/index.php?rest_route=\/wp\/v2\/pages\/340\/revisions\/343"}],"wp:attachment":[{"href":"https:\/\/modernbakery.hu\/index.php?rest_route=%2Fwp%2Fv2%2Fmedia&parent=340"}],"curies":[{"name":"wp","href":"https:\/\/api.w.org\/{rel}","templated":true}]}}