{"id":482,"date":"2018-02-21T15:49:02","date_gmt":"2018-02-21T15:49:02","guid":{"rendered":"https:\/\/modernbakery.hu\/?page_id=482"},"modified":"2019-02-19T14:24:25","modified_gmt":"2019-02-19T14:24:25","slug":"bemutatkozas","status":"publish","type":"page","link":"https:\/\/modernbakery.hu\/?page_id=482","title":{"rendered":"Bemutatkoz\u00e1s"},"content":{"rendered":"<div id=\"pl-482\"  class=\"panel-layout\" ><div id=\"pg-482-0\"  class=\"panel-grid panel-no-style\" ><div id=\"pgc-482-0-0\"  class=\"panel-grid-cell\" ><div id=\"panel-482-0-0-0\" class=\"so-panel widget widget_sow-editor panel-first-child panel-last-child\" data-index=\"0\" ><div\n\t\t\t\n\t\t\tclass=\"so-widget-sow-editor so-widget-sow-editor-base\"\n\t\t\t\n\t\t>\n<div class=\"siteorigin-widget-tinymce textwidget\">\n\t<h2 style=\"text-align: center;\"><span style=\"color: #a91f24;\">Bemutatkoz\u00e1s<\/span><\/h2>\n<hr \/>\n<p>\u00a0<\/p>\n<\/div>\n<\/div><\/div><\/div><\/div><div id=\"pg-482-1\"  class=\"panel-grid panel-no-style\" ><div id=\"pgc-482-1-0\"  class=\"panel-grid-cell\" ><div id=\"panel-482-1-0-0\" class=\"so-panel widget widget_sow-editor panel-first-child panel-last-child\" data-index=\"1\" ><div\n\t\t\t\n\t\t\tclass=\"so-widget-sow-editor so-widget-sow-editor-base\"\n\t\t\t\n\t\t><h3 class=\"widget-title\">R\u00f3lunk<\/h3>\n<div class=\"siteorigin-widget-tinymce textwidget\">\n\t<p>A Modern Bakery Kft-t 2012-ben alap\u00edtottam.<\/p>\n<p>Ezt megel\u0151z\u0151en, mint alkalmazott 2002 \u00f3ta foglalkoztam s\u00fct\u0151ipari g\u00e9pek forgalmaz\u00e1s\u00e1val. Ebben a t\u00edz \u00e9vben rengeteg tapasztalatot \u00e9s kapcsolatot szereztem a besz\u00e1ll\u00edt\u00f3k \u00e9s a vev\u0151k k\u00f6z\u00f6tt. Ez alapozta meg szakmai alapokon nyugv\u00f3 v\u00e1llalkoz\u00e1somat.<\/p>\n<p>Nagy el\u0151ny\u00f6m, hogy sz\u00edvesen gondolkodom egy\u00fctt a vev\u0151immel, ha k\u00e9ts\u00e9geik t\u00e1madnak, hogy az adott feladatot milyen technol\u00f3gi\u00e1val, milyen eszk\u00f6zzel oldj\u00e1k meg.<\/p>\n<p>Arra t\u00f6rekszem, hogy az optim\u00e1lis megold\u00e1s kiv\u00e1laszt\u00e1s\u00e1val t\u00e1mogassam partnereimet. Sz\u00e1mukra megtakar\u00edthat\u00f3 legyen a munkaer\u0151 egy r\u00e9sze, optimaliz\u00e1l\u00f3djanak a k\u00f6lts\u00e9gek, \u00e9s megtarthat\u00f3 vagy b\u0151v\u00edthet\u0151 legyen a piacuk.<\/p>\n<p>Az elm\u00falt 16 \u00e9v alkalmas volt arra is, hogy egy szakmai szelekci\u00f3 \u00e1ltal csak azokkal a gy\u00e1rt\u00f3kkal dolgozzak, akik megb\u00edzhat\u00f3, megfelel\u0151 min\u0151s\u00e9g\u0171 eszk\u00f6z\u00f6ket gy\u00e1rtanak.<\/p>\n<p>C\u00e9gem rendelkezik megfelel\u0151 szerviz b\u00e1zissal. Alv\u00e1llalkoz\u00f3k bevon\u00e1s\u00e1val val\u00f3sul meg a berendez\u00e9sek telep\u00edt\u00e9se, szervizel\u00e9se. Ezek az alv\u00e1llalkoz\u00f3k hossz\u00fa \u00e9vek \u00f3ta egy\u00fcttm\u0171k\u00f6dnek velem. Megb\u00edzhat\u00f3, szakm\u00e1jukhoz \u00e9rt\u0151 emberek.<\/p>\n<\/div>\n<\/div><\/div><\/div><div id=\"pgc-482-1-1\"  class=\"panel-grid-cell\" ><div id=\"panel-482-1-1-0\" class=\"so-panel widget widget_sow-image panel-first-child\" data-index=\"2\" ><div\n\t\t\t\n\t\t\tclass=\"so-widget-sow-image so-widget-sow-image-default-c67d20f9f743-482\"\n\t\t\t\n\t\t>\n<div class=\"sow-image-container\">\n\t\t<img \n\tsrc=\"https:\/\/modernbakery.hu\/wp-content\/uploads\/2018\/03\/retus\u00e1lt-Makai-B\u00e9la_web2.jpg\" width=\"401\" height=\"600\" srcset=\"https:\/\/modernbakery.hu\/wp-content\/uploads\/2018\/03\/retus\u00e1lt-Makai-B\u00e9la_web2.jpg 401w, https:\/\/modernbakery.hu\/wp-content\/uploads\/2018\/03\/retus\u00e1lt-Makai-B\u00e9la_web2-201x300.jpg 201w\" sizes=\"(max-width: 401px) 100vw, 401px\" title=\"retus\u00e1lt Makai B\u00e9la_web2\" alt=\"\" \t\tclass=\"so-widget-image\"\/>\n\t<\/div>\n\n<\/div><\/div><div id=\"panel-482-1-1-1\" class=\"so-panel widget widget_sow-editor panel-last-child\" data-index=\"3\" ><div\n\t\t\t\n\t\t\tclass=\"so-widget-sow-editor so-widget-sow-editor-base\"\n\t\t\t\n\t\t>\n<div class=\"siteorigin-widget-tinymce textwidget\">\n\t<h4 style=\"text-align: center;\">Makai B\u00e9la<\/h4>\n<p style=\"text-align: center;\">\u00fcgyvezet\u0151, Modern Bakery<\/p>\n<\/div>\n<\/div><\/div><\/div><\/div><div id=\"pg-482-2\"  class=\"panel-grid panel-has-style\" ><div class=\"siteorigin-panels-stretch panel-row-style panel-row-style-for-482-2\" data-stretch-type=\"full\" ><div id=\"pgc-482-2-0\"  class=\"panel-grid-cell\" ><div id=\"panel-482-2-0-0\" class=\"so-panel widget widget_sow-editor panel-first-child\" data-index=\"4\" ><div class=\"panel-widget-style panel-widget-style-for-482-2-0-0\" ><div\n\t\t\t\n\t\t\tclass=\"so-widget-sow-editor so-widget-sow-editor-base\"\n\t\t\t\n\t\t>\n<div class=\"siteorigin-widget-tinymce textwidget\">\n\t<h2 style=\"text-align: center;\"><a href=\"https:\/\/modernbakery.hu\/hirek\/\"><span style=\"color: #ffffff;\">H\u00edrek<\/span><\/a><\/h2>\n<\/div>\n<\/div><\/div><\/div><div id=\"panel-482-2-0-1\" class=\"so-panel widget widget_sow-image panel-last-child\" data-index=\"5\" ><div class=\"panel-widget-style panel-widget-style-for-482-2-0-1\" ><div\n\t\t\t\n\t\t\tclass=\"so-widget-sow-image so-widget-sow-image-default-3a2476c0e107-482\"\n\t\t\t\n\t\t>\n<div class=\"sow-image-container\">\n\t\t\t<a href=\"https:\/\/modernbakery.hu\/hirek\/\"\n\t\t\t\t\t>\n\t\t\t<img \n\tsrc=\"https:\/\/modernbakery.hu\/wp-content\/uploads\/2018\/02\/box_hatter_1-300x225.jpg\" width=\"300\" height=\"225\" srcset=\"https:\/\/modernbakery.hu\/wp-content\/uploads\/2018\/02\/box_hatter_1-300x225.jpg 300w, https:\/\/modernbakery.hu\/wp-content\/uploads\/2018\/02\/box_hatter_1-768x576.jpg 768w, https:\/\/modernbakery.hu\/wp-content\/uploads\/2018\/02\/box_hatter_1-700x525.jpg 700w, https:\/\/modernbakery.hu\/wp-content\/uploads\/2018\/02\/box_hatter_1.jpg 1920w\" sizes=\"(max-width: 300px) 100vw, 300px\" alt=\"\" \t\tclass=\"so-widget-image\"\/>\n\t\t\t<\/a><\/div>\n\n<\/div><\/div><\/div><\/div><div id=\"pgc-482-2-1\"  class=\"panel-grid-cell\" ><div id=\"panel-482-2-1-0\" class=\"so-panel widget widget_sow-editor panel-first-child\" data-index=\"6\" ><div class=\"panel-widget-style panel-widget-style-for-482-2-1-0\" ><div\n\t\t\t\n\t\t\tclass=\"so-widget-sow-editor so-widget-sow-editor-base\"\n\t\t\t\n\t\t>\n<div class=\"siteorigin-widget-tinymce textwidget\">\n\t<h2 style=\"text-align: center;\"><a href=\"https:\/\/modernbakery.hu\/kiallitasok\/\"><span style=\"color: #ffffff;\">Ki\u00e1ll\u00edt\u00e1sok<\/span><\/a><\/h2>\n<\/div>\n<\/div><\/div><\/div><div id=\"panel-482-2-1-1\" class=\"so-panel widget widget_sow-image panel-last-child\" data-index=\"7\" ><div class=\"panel-widget-style panel-widget-style-for-482-2-1-1\" ><div\n\t\t\t\n\t\t\tclass=\"so-widget-sow-image so-widget-sow-image-default-3a2476c0e107-482\"\n\t\t\t\n\t\t>\n<div class=\"sow-image-container\">\n\t\t\t<a href=\"https:\/\/modernbakery.hu\/kiallitasok\/\"\n\t\t\t\t\t>\n\t\t\t<img \n\tsrc=\"https:\/\/modernbakery.hu\/wp-content\/uploads\/2018\/02\/box_hatter_1-300x225.jpg\" width=\"300\" height=\"225\" srcset=\"https:\/\/modernbakery.hu\/wp-content\/uploads\/2018\/02\/box_hatter_1-300x225.jpg 300w, https:\/\/modernbakery.hu\/wp-content\/uploads\/2018\/02\/box_hatter_1-768x576.jpg 768w, https:\/\/modernbakery.hu\/wp-content\/uploads\/2018\/02\/box_hatter_1-700x525.jpg 700w, https:\/\/modernbakery.hu\/wp-content\/uploads\/2018\/02\/box_hatter_1.jpg 1920w\" sizes=\"(max-width: 300px) 100vw, 300px\" alt=\"\" \t\tclass=\"so-widget-image\"\/>\n\t\t\t<\/a><\/div>\n\n<\/div><\/div><\/div><\/div><div id=\"pgc-482-2-2\"  class=\"panel-grid-cell\" ><div id=\"panel-482-2-2-0\" class=\"so-panel widget widget_sow-editor panel-first-child\" data-index=\"8\" ><div class=\"panel-widget-style panel-widget-style-for-482-2-2-0\" ><div\n\t\t\t\n\t\t\tclass=\"so-widget-sow-editor so-widget-sow-editor-base\"\n\t\t\t\n\t\t>\n<div class=\"siteorigin-widget-tinymce textwidget\">\n\t<h2 style=\"text-align: center;\"><a href=\"https:\/\/modernbakery.hu\/szerviz\/\"><span style=\"color: #ffffff;\">Szerviz<\/span><\/a><\/h2>\n<\/div>\n<\/div><\/div><\/div><div id=\"panel-482-2-2-1\" class=\"so-panel widget widget_sow-image panel-last-child\" data-index=\"9\" ><div class=\"panel-widget-style panel-widget-style-for-482-2-2-1\" ><div\n\t\t\t\n\t\t\tclass=\"so-widget-sow-image so-widget-sow-image-default-3a2476c0e107-482\"\n\t\t\t\n\t\t>\n<div class=\"sow-image-container\">\n\t\t\t<a href=\"https:\/\/modernbakery.hu\/szerviz\/\"\n\t\t\t\t\t>\n\t\t\t<img \n\tsrc=\"https:\/\/modernbakery.hu\/wp-content\/uploads\/2018\/02\/box_hatter_1-300x225.jpg\" width=\"300\" height=\"225\" srcset=\"https:\/\/modernbakery.hu\/wp-content\/uploads\/2018\/02\/box_hatter_1-300x225.jpg 300w, https:\/\/modernbakery.hu\/wp-content\/uploads\/2018\/02\/box_hatter_1-768x576.jpg 768w, https:\/\/modernbakery.hu\/wp-content\/uploads\/2018\/02\/box_hatter_1-700x525.jpg 700w, https:\/\/modernbakery.hu\/wp-content\/uploads\/2018\/02\/box_hatter_1.jpg 1920w\" sizes=\"(max-width: 300px) 100vw, 300px\" alt=\"\" \t\tclass=\"so-widget-image\"\/>\n\t\t\t<\/a><\/div>\n\n<\/div><\/div><\/div><\/div><\/div><\/div><div id=\"pg-482-3\"  class=\"panel-grid panel-no-style\" ><div id=\"pgc-482-3-0\"  class=\"panel-grid-cell\" ><div id=\"panel-482-3-0-0\" class=\"so-panel widget widget_sow-editor panel-first-child panel-last-child\" data-index=\"10\" ><div class=\"panel-widget-style panel-widget-style-for-482-3-0-0\" ><div\n\t\t\t\n\t\t\tclass=\"so-widget-sow-editor so-widget-sow-editor-base\"\n\t\t\t\n\t\t>\n<div class=\"siteorigin-widget-tinymce textwidget\">\n\t<h2 style=\"text-align: center;\"><span style=\"color: #ffffff;\"><strong><span style=\"color: #a91f24;\">C\u00edm<\/span><span style=\"color: #ffffff;\">:<\/span><\/strong><\/span><\/h2>\n<h4 style=\"text-align: center;\"><span style=\"color: #999999;\"><a style=\"color: #999999;\" href=\"https:\/\/www.google.hu\/maps\/place\/6055+Fels%C5%91lajos+F%C5%91+utca+4%2Fa.\" target=\"blank\">6055 Fels\u0151lajos, F\u0151 utca 4\/a.<\/a><\/span><\/h4>\n<\/div>\n<\/div><\/div><\/div><\/div><div id=\"pgc-482-3-1\"  class=\"panel-grid-cell\" ><div id=\"panel-482-3-1-0\" class=\"so-panel widget widget_sow-editor panel-first-child panel-last-child\" data-index=\"11\" ><div class=\"panel-widget-style panel-widget-style-for-482-3-1-0\" ><div\n\t\t\t\n\t\t\tclass=\"so-widget-sow-editor so-widget-sow-editor-base\"\n\t\t\t\n\t\t>\n<div class=\"siteorigin-widget-tinymce textwidget\">\n\t<h2 style=\"text-align: center;\"><span style=\"color: #ffffff;\"><strong><span style=\"color: #a91f24;\">Mobil<\/span>:<\/strong><\/span><\/h2>\n<h4 style=\"text-align: center;\"><span style=\"color: #999999;\"><a style=\"color: #999999;\" href=\"tel:36203956071\">+36\/20\/395-60-71<\/a><\/span><\/h4>\n<\/div>\n<\/div><\/div><\/div><\/div><div id=\"pgc-482-3-2\"  class=\"panel-grid-cell\" ><div id=\"panel-482-3-2-0\" class=\"so-panel widget widget_sow-editor panel-first-child panel-last-child\" data-index=\"12\" ><div class=\"panel-widget-style panel-widget-style-for-482-3-2-0\" ><div\n\t\t\t\n\t\t\tclass=\"so-widget-sow-editor so-widget-sow-editor-base\"\n\t\t\t\n\t\t>\n<div class=\"siteorigin-widget-tinymce textwidget\">\n\t<h2 style=\"text-align: center;\"><span style=\"color: #ffffff;\"><strong><span style=\"color: #a91f24;\">E-mail<\/span>:<\/strong><\/span><\/h2>\n<h4 style=\"text-align: center;\"><span style=\"color: #999999;\"><a style=\"color: #999999;\" href=\"mailto:modern.bakery2012@gmail.com\">modern.bakery2012@gmail.com<\/a><\/span><\/h4>\n<\/div>\n<\/div><\/div><\/div><\/div><\/div><div id=\"pg-482-4\"  class=\"panel-grid panel-has-style\" ><div class=\"siteorigin-panels-stretch panel-row-style panel-row-style-for-482-4\" data-stretch-type=\"full-stretched\" ><div id=\"pgc-482-4-0\"  class=\"panel-grid-cell\" ><div id=\"panel-482-4-0-0\" class=\"so-panel widget widget_sow-google-map panel-first-child panel-last-child\" data-index=\"13\" ><div\n\t\t\t\n\t\t\tclass=\"so-widget-sow-google-map so-widget-sow-google-map-default-6b23895f316e-482\"\n\t\t\t\n\t\t>\n<div class=\"sow-google-map-canvas\"\n\tstyle=\"\"\n\tid=\"map-canvas-74fde3597e1b051be529ff4a4c5af38e\"\n\tdata-options=\"{&quot;address&quot;:&quot;6055 Fels\\u0151lajos F\\u0151 utca 4\\\/a.&quot;,&quot;zoom&quot;:12,&quot;mobileZoom&quot;:12,&quot;gestureHandling&quot;:&quot;cooperative&quot;,&quot;disableUi&quot;:false,&quot;markerIcon&quot;:&quot;https:\\\/\\\/modernbakery.hu\\\/wp-content\\\/uploads\\\/2018\\\/02\\\/terkep_jelolo.png&quot;,&quot;markersDraggable&quot;:false,&quot;markerAtCenter&quot;:true,&quot;markerInfoDisplay&quot;:&quot;click&quot;,&quot;markerInfoMultiple&quot;:true,&quot;markerPositions&quot;:false,&quot;mapName&quot;:false,&quot;mapStyles&quot;:false,&quot;directions&quot;:&quot;&quot;,&quot;apiKey&quot;:&quot;AIzaSyCEohr1UfVCQs8CEVHeJwwO1XekjI7OgcY&quot;,&quot;breakpoint&quot;:780,&quot;id&quot;:&quot;69e3c8&quot;}\"\n\tdata-fallback-image=\"{&quot;img&quot;:&quot;&quot;}\"><\/div>\n<\/div><\/div><\/div><\/div><\/div><div id=\"pg-482-5\"  class=\"panel-grid panel-has-style\" ><div class=\"panel-row-style panel-row-style-for-482-5\" ><div id=\"pgc-482-5-0\"  class=\"panel-grid-cell\" ><div id=\"panel-482-5-0-0\" class=\"so-panel widget widget_sow-editor panel-first-child\" data-index=\"14\" ><div\n\t\t\t\n\t\t\tclass=\"so-widget-sow-editor so-widget-sow-editor-base\"\n\t\t\t\n\t\t>\n<div class=\"siteorigin-widget-tinymce textwidget\">\n\t<h2 style=\"text-align: center;\"><span style=\"color: #a91f24;\">L\u00e9pjen vel\u00fcnk kapcsolatba<\/span><\/h2>\n<hr \/>\n<\/div>\n<\/div><\/div><div id=\"panel-482-5-0-1\" class=\"so-panel widget widget_sow-editor panel-last-child\" data-index=\"15\" ><div\n\t\t\t\n\t\t\tclass=\"so-widget-sow-editor so-widget-sow-editor-base\"\n\t\t\t\n\t\t>\n<div class=\"siteorigin-widget-tinymce textwidget\">\n\t<p style=\"text-align: center;\">\n<div class=\"wpcf7 no-js\" id=\"wpcf7-f441-o1\" lang=\"hu-HU\" dir=\"ltr\" data-wpcf7-id=\"441\">\n<div class=\"screen-reader-response\"><p role=\"status\" aria-live=\"polite\" aria-atomic=\"true\"><\/p> <ul><\/ul><\/div>\n<form action=\"\/index.php?rest_route=%2Fwp%2Fv2%2Fpages%2F482#wpcf7-f441-o1\" method=\"post\" class=\"wpcf7-form init\" aria-label=\"Kapcsolatfelv\u00e9teli \u0171rlap\" novalidate=\"novalidate\" data-status=\"init\">\n<fieldset class=\"hidden-fields-container\"><input type=\"hidden\" name=\"_wpcf7\" value=\"441\" \/><input type=\"hidden\" name=\"_wpcf7_version\" value=\"6.1.2\" \/><input type=\"hidden\" name=\"_wpcf7_locale\" value=\"hu_HU\" \/><input type=\"hidden\" name=\"_wpcf7_unit_tag\" value=\"wpcf7-f441-o1\" \/><input type=\"hidden\" name=\"_wpcf7_container_post\" value=\"0\" \/><input type=\"hidden\" name=\"_wpcf7_posted_data_hash\" value=\"\" \/>\n<\/fieldset>\n<p><label> N\u00e9v (k\u00f6telez\u0151)<br \/>\n<span class=\"wpcf7-form-control-wrap\" data-name=\"your-name\"><input size=\"40\" maxlength=\"400\" class=\"wpcf7-form-control wpcf7-text wpcf7-validates-as-required\" aria-required=\"true\" aria-invalid=\"false\" value=\"\" type=\"text\" name=\"your-name\" \/><\/span> <\/label>\n<\/p>\n<p><label> Email c\u00edm (k\u00f6telez\u0151)<br \/>\n<span class=\"wpcf7-form-control-wrap\" data-name=\"your-email\"><input size=\"40\" maxlength=\"400\" class=\"wpcf7-form-control wpcf7-email wpcf7-validates-as-required wpcf7-text wpcf7-validates-as-email\" aria-required=\"true\" aria-invalid=\"false\" value=\"\" type=\"email\" name=\"your-email\" \/><\/span> <\/label>\n<\/p>\n<p><label> T\u00e1rgy<br \/>\n<span class=\"wpcf7-form-control-wrap\" data-name=\"your-subject\"><input size=\"40\" maxlength=\"400\" class=\"wpcf7-form-control wpcf7-text\" aria-invalid=\"false\" value=\"\" type=\"text\" name=\"your-subject\" \/><\/span> <\/label>\n<\/p>\n<p><label> \u00dczenet<br \/>\n<span class=\"wpcf7-form-control-wrap\" data-name=\"your-message\"><textarea cols=\"40\" rows=\"10\" maxlength=\"2000\" class=\"wpcf7-form-control wpcf7-textarea\" aria-invalid=\"false\" name=\"your-message\"><\/textarea><\/span> <\/label>\n<\/p>\n<p><span class=\"wpcf7-form-control-wrap\" data-name=\"elfogadas\"><span class=\"wpcf7-form-control wpcf7-acceptance optional\"><span class=\"wpcf7-list-item\"><label><input type=\"checkbox\" name=\"elfogadas\" value=\"1\" aria-invalid=\"false\" \/><span class=\"wpcf7-list-item-label\">Elolvastam \u00e9s elfogadom az  <a href=\"https:\/\/modernbakery.hu\/adatvedelmi-szabalyzat\/\" target=\"_blank\"><b>Adatkezel\u00e9s szab\u00e1lyzat<\/b><\/a>ot<\/span><\/label><\/span><\/span><\/span>\n<\/p>\n<p><input class=\"wpcf7-form-control wpcf7-submit has-spinner\" type=\"submit\" value=\"K\u00fcld\u00e9s\" \/>\n<\/p><div class=\"wpcf7-response-output\" aria-hidden=\"true\"><\/div>\n<\/form>\n<\/div>\n<\/p>\n<\/div>\n<\/div><\/div><\/div><\/div><\/div><\/div>","protected":false},"excerpt":{"rendered":"<p>Bemutatkoz\u00e1s \u00a0 A Modern Bakery Kft-t 2012-ben alap\u00edtottam. Ezt megel\u0151z\u0151en, mint alkalmazott 2002 \u00f3ta foglalkoztam s\u00fct\u0151ipari g\u00e9pek forgalmaz\u00e1s\u00e1val. Ebben a t\u00edz \u00e9vben rengeteg tapasztalatot \u00e9s kapcsolatot szereztem a besz\u00e1ll\u00edt\u00f3k \u00e9s a vev\u0151k k\u00f6z\u00f6tt. Ez alapozta meg szakmai alapokon nyugv\u00f3 v\u00e1llalkoz\u00e1somat. Nagy el\u0151ny\u00f6m, hogy sz\u00edvesen gondolkodom egy\u00fctt a vev\u0151immel, ha k\u00e9ts\u00e9geik t\u00e1madnak, hogy az adott feladatot [&hellip;]<\/p>\n","protected":false},"author":4,"featured_media":0,"parent":0,"menu_order":0,"comment_status":"closed","ping_status":"closed","template":"templates\/page-full-width.php","meta":{"footnotes":""},"class_list":["post-482","page","type-page","status-publish","hentry"],"_links":{"self":[{"href":"https:\/\/modernbakery.hu\/index.php?rest_route=\/wp\/v2\/pages\/482","targetHints":{"allow":["GET"]}}],"collection":[{"href":"https:\/\/modernbakery.hu\/index.php?rest_route=\/wp\/v2\/pages"}],"about":[{"href":"https:\/\/modernbakery.hu\/index.php?rest_route=\/wp\/v2\/types\/page"}],"author":[{"embeddable":true,"href":"https:\/\/modernbakery.hu\/index.php?rest_route=\/wp\/v2\/users\/4"}],"replies":[{"embeddable":true,"href":"https:\/\/modernbakery.hu\/index.php?rest_route=%2Fwp%2Fv2%2Fcomments&post=482"}],"version-history":[{"count":43,"href":"https:\/\/modernbakery.hu\/index.php?rest_route=\/wp\/v2\/pages\/482\/revisions"}],"predecessor-version":[{"id":673,"href":"https:\/\/modernbakery.hu\/index.php?rest_route=\/wp\/v2\/pages\/482\/revisions\/673"}],"wp:attachment":[{"href":"https:\/\/modernbakery.hu\/index.php?rest_route=%2Fwp%2Fv2%2Fmedia&parent=482"}],"curies":[{"name":"wp","href":"https:\/\/api.w.org\/{rel}","templated":true}]}}