{"id":628,"date":"2018-02-23T09:04:51","date_gmt":"2018-02-23T09:04:51","guid":{"rendered":"https:\/\/modernbakery.hu\/?page_id=628"},"modified":"2021-06-25T07:15:32","modified_gmt":"2021-06-25T07:15:32","slug":"gozcsoves-etage-kemencek","status":"publish","type":"page","link":"https:\/\/modernbakery.hu\/?page_id=628","title":{"rendered":"G\u0151zcs\u00f6ves etage kemenc\u00e9k"},"content":{"rendered":"<div id=\"pl-628\"  class=\"panel-layout\" ><div id=\"pg-628-0\"  class=\"panel-grid panel-no-style\" ><div id=\"pgc-628-0-0\"  class=\"panel-grid-cell\" ><div id=\"panel-628-0-0-0\" class=\"so-panel widget widget_sow-editor panel-first-child panel-last-child\" data-index=\"0\" ><div\n\t\t\t\n\t\t\tclass=\"so-widget-sow-editor so-widget-sow-editor-base\"\n\t\t\t\n\t\t>\n<div class=\"siteorigin-widget-tinymce textwidget\">\n\t<h2 style=\"text-align: center;\"><span style=\"color: #a91f24;\">G\u0151zcs\u00f6ves etage kemenc\u00e9k<\/span><\/h2>\n<hr \/>\n<p>\u00a0<\/p>\n<\/div>\n<\/div><\/div><\/div><\/div><div id=\"pg-628-1\"  class=\"panel-grid panel-no-style\" ><div id=\"pgc-628-1-0\"  class=\"panel-grid-cell\" ><div id=\"panel-628-1-0-0\" class=\"so-panel widget widget_sow-editor panel-first-child\" data-index=\"1\" ><div\n\t\t\t\n\t\t\tclass=\"so-widget-sow-editor so-widget-sow-editor-base\"\n\t\t\t\n\t\t><h3 class=\"widget-title\">MONDIAL GB<\/h3>\n<div class=\"siteorigin-widget-tinymce textwidget\">\n\t<p><span style=\"font-weight: 400;\">A Mondial Forni srl. t\u00f6bb mint 60 \u00e9ve foglalkozik s\u00fct\u0151ipari berendez\u00e9sek gy\u00e1rt\u00e1s\u00e1val. F\u0151 profilja a g\u0151zcs\u00f6ves <\/span><span style=\"font-weight: 400;\">et\u00e1zs<\/span><span style=\"font-weight: 400;\"> kemenc\u00e9k gy\u00e1rt\u00e1sa. Az elm\u00falt id\u0151ben professzion\u00e1lis szintre emelkedett a gy\u00e1rtm\u00e1nyok elk\u00e9sz\u00edt\u00e9s\u00e9nek a technol\u00f3gi\u00e1ja.\u00a0 A berendez\u00e9seket ipari robotok, l\u00e9zerv\u00e1g\u00f3 k\u00e9sz\u00fcl\u00e9kek alkalmaz\u00e1sa mellett k\u00e9sz\u00fclnek a gy\u00e1rt\u00f3sorokon.<\/span><\/p>\n<p><strong><img loading=\"lazy\" decoding=\"async\" class=\"alignnone size-large wp-image-634\" src=\"https:\/\/modernbakery.hu\/wp-content\/uploads\/2018\/02\/MONDIAL_GB_01-2-700x643.jpg\" alt=\"\" width=\"700\" height=\"643\" srcset=\"https:\/\/modernbakery.hu\/wp-content\/uploads\/2018\/02\/MONDIAL_GB_01-2-700x643.jpg 700w, https:\/\/modernbakery.hu\/wp-content\/uploads\/2018\/02\/MONDIAL_GB_01-2-300x276.jpg 300w, https:\/\/modernbakery.hu\/wp-content\/uploads\/2018\/02\/MONDIAL_GB_01-2-768x705.jpg 768w, https:\/\/modernbakery.hu\/wp-content\/uploads\/2018\/02\/MONDIAL_GB_01-2.jpg 897w\" sizes=\"auto, (max-width: 700px) 100vw, 700px\" \/><\/strong><\/p>\n<h4><strong>A kemence k\u00fcls\u0151 megjelen\u00e9se, kezel\u0151szervei:<\/strong><\/h4>\n<p><span style=\"font-weight: 400;\">A berendez\u00e9s k\u00fcls\u0151 megjelen\u00e9se, megfelel az eur\u00f3pai norm\u00e1knak. Burkolata AlSI 304 rozsdamentes ac\u00e9l. A s\u00fct\u0151t\u00e9r ajt\u00f3k h\u0151\u00e1ll\u00f3 \u00fcveggel, vagy inox burkolattal fedettek, a megrendel\u00e9s szerint. A s\u00fct\u0151kamr\u00e1k kapcsolhat\u00f3 bels\u0151 vil\u00e1g\u00edt\u00e1ssal ell\u00e1tva, a term\u00e9k s\u00fct\u00e9s k\u00f6zben megfigyelhet\u0151, az ajt\u00f3k mozgat\u00e1sa kiegyens\u00falyozott.<\/span><\/p>\n<p><span style=\"font-weight: 400;\">A berendez\u00e9s frontj\u00e1n van <\/span><span style=\"font-weight: 400;\">az \u00f6sszes<\/span><span style=\"font-weight: 400;\"> kezel\u00e9s\u00e9hez sz\u00fcks\u00e9ges elem. A g\u00e1z\u00e9g\u0151, v\u00edz \u00e9s kondenzv\u00edz kezel\u0151 egys\u00e9gek a vet\u0151asztal alatt tal\u00e1lhat\u00f3ak, k\u00f6nnyen el\u00e9rhet\u0151 helyen.<\/span><\/p>\n<p><span style=\"font-weight: 400;\">A kemence vez\u00e9rl\u00e9se megb\u00edzhat\u00f3, kezel\u00e9se egyszer\u0171, k\u00f6nnyen elsaj\u00e1t\u00edthat\u00f3.\u00a0<\/span><\/p>\n<p><strong>\u00a0<\/strong><\/p>\n<h4><strong>A kemence szerkezeti kialak\u00edt\u00e1sa:<\/strong><\/h4>\n<p><span style=\"font-weight: 400;\">A berendez\u00e9s \u00fagynevezett \u201efalazott \u00e9g\u0151ter\u0171, h\u0151\u00e1ll\u00f3 betonnal be\u00f6nt\u00f6tt oldal\u00fa, g\u0151zcs\u00f6ves etage kemence\u201d<\/span><\/p>\n<p><span style=\"font-weight: 400;\">A kemence als\u00f3 traktus\u00e1ban kialak\u00edtott f\u00fcstj\u00e1ratok kiv\u00e1l\u00f3 min\u0151s\u00e9g\u0171 t\u0171z\u00e1ll\u00f3 anyagokb\u00f3l k\u00e9sz\u00fclnek, (samott, h\u0151\u00e1ll\u00f3 cement stb.) hossz\u00fa \u00e9vek tapasztalatai alapj\u00e1n ker\u00fclnek kialak\u00edt\u00e1sra, biztos\u00edtva ezzel a t\u00f6k\u00e9letes <\/span><span style=\"font-weight: 400;\">h\u0151eloszt\u00e1st<\/span><span style=\"font-weight: 400;\">. A f\u00fcstj\u00e1ratok felett helyezkednek el a \u201eg\u0151zfejleszt\u0151k\u201d, minden s\u00fct\u0151t\u00e9rnek k\u00fcl\u00f6n \u201eapar\u00e1tja\u201d van \u2013 melyeknek k\u00f6sz\u00f6nhet\u0151en, a kemenc\u00e9ben b\u00e1rmely s\u00fct\u0151ipari term\u00e9k k\u00f6nnyen kis\u00fcthet\u0151.<\/span><\/p>\n<p><span style=\"font-weight: 400;\">A be\u00e9p\u00edtett Mannesmann g\u0151zcs\u00f6vek szigor\u00fa k\u00f6vetelm\u00e9nyek szerint k\u00e9sz\u00fclnek, min\u0151s\u00e9g\u00fcket minden esetben, nyom\u00e1spr\u00f3b\u00e1val ellen\u0151rzik.<\/span><\/p>\n<p><span style=\"font-weight: 400;\">A s\u00fct\u0151kamr\u00e1k alja \u201eherdtlap\u201d \u00e9lelmiszeripari <\/span><span style=\"font-weight: 400;\">min\u0151s\u00edt\u00e9g\u0171<\/span><span style=\"font-weight: 400;\"> anyagb\u00f3l k\u00e9sz\u00fcl, a kemenc\u00e9ben s\u00fcthet\u0151 szabadon vetett, lemezen vetett, vagy form\u00e1ban s\u00fct\u00f6tt term\u00e9k is. A bevet\u00e9s megval\u00f3sulhat lap\u00e1ttal vagy vet\u0151szerkezet seg\u00edts\u00e9g\u00e9vel, a kis\u00fct\u00e9s c\u00e9lszer\u0171en, lap\u00e1ttal v\u00e9gezhet\u0151.<\/span><\/p>\n<p><span style=\"font-weight: 400;\">A kemence g\u0151zcs\u00f6vei - h\u00e1rom oldalon (jobb, bal, tet\u0151)\u00a0 - h\u0151\u00e1ll\u00f3 betonba \u00e1gyazottak, a kimagasl\u00f3an nagy h\u0151ntart\u00e1s, \u00e9s gazdas\u00e1gos \u00fczemeltet\u00e9s \u00e9rdek\u00e9ben. A betonr\u00e9teget szigetel\u0151 anyag veszi k\u00f6r\u00fcl a lehet\u0151 legkisebb <\/span><span style=\"font-weight: 400;\">h\u0151vesztes\u00e9g<\/span><span style=\"font-weight: 400;\"> el\u00e9r\u00e9se miatt.<\/span><\/p>\n<p><span style=\"font-weight: 400;\">A frontoldalon p\u00e1raelsz\u00edv\u00f3 erny\u0151 ker\u00fclt elhelyez\u00e9sre.<\/span><\/p>\n<p><strong>\u00a0<\/strong><\/p>\n<h4><strong>Energia ell\u00e1t\u00e1s:<\/strong><\/h4>\n<p><span style=\"font-weight: 400;\">A kemence f\u0171t\u00e9se a szerkezeti kialak\u00edt\u00e1sa miatt igen gazdas\u00e1gos. <\/span><span style=\"font-weight: 400;\">A<\/span><span style=\"font-weight: 400;\">z \u00e9p\u00edtett kivitel \u00e9s az alkalmazott anyagok, az be\u00e9p\u00edtett elemek t\u00f6meg biztos\u00edtja, hogy a kemence j\u00f3l tartja a h\u0151t, az \u00fczemsz\u00fcneti id\u0151szakokban nem h\u0171l vissza jelent\u0151sen. F\u0171thet\u0151 g\u00e1z\u00e9g\u0151vel vagy g\u00e1zolaj \u00e9g\u0151vel. Elektromos energi\u00e1t csak a p\u00e1raelsz\u00edv\u00f3 ventil\u00e1torhoz \u00e9s a s\u00fct\u0151kamra bels\u0151 megvil\u00e1g\u00edt\u00e1s\u00e1hoz, g\u00e1z\u00e9g\u0151 \u00fczemeltet\u00e9s\u00e9hez haszn\u00e1l a berendez\u00e9s. A k\u00e9m\u00e9nyre illesztett <\/span><span style=\"font-weight: 400;\">h\u0151visszanyer\u0151<\/span><span style=\"font-weight: 400;\"> rendszer biztos\u00edtja a k\u00e9m\u00e9nyen kereszt\u00fcl t\u00e1voz\u00f3 <\/span><span style=\"font-weight: 400;\">hullad\u00e9kh\u0151<\/span><span style=\"font-weight: 400;\"> egy r\u00e9sz\u00e9nek hasznos\u00edt\u00e1s\u00e1t. A egys\u00e9g alkalmaz\u00e1s\u00e1val a p\u00e9ks\u00e9g haszn\u00e1lati meleg v\u00edz, \u00e9s f\u0171t\u00e9s rendszer\u00e9re tudunk r\u00e1seg\u00edteni. Ak\u00e1r egyes \u00fczem\u00e1llapotokban ki is v\u00e1lthat\u00f3 az e c\u00e9lra be\u00e9p\u00edtett meleg v\u00edz el\u0151\u00e1ll\u00edt\u00f3 berendez\u00e9s.\u00a0\u00a0<\/span><\/p>\n<p><strong>\u00a0<\/strong><\/p>\n<h4><strong>Technol\u00f3gia:\u00a0<\/strong><\/h4>\n<p><span style=\"font-weight: 400;\">A kemence alkalmas a folyamatos iparszer\u0171 termel\u00e9s kiszolg\u00e1l\u00e1s\u00e1ra els\u0151sorban, de mindenf\u00e9le keny\u00e9rt\u00edpus gazdas\u00e1gosan s\u00fcthet\u0151 vele.<\/span><\/p>\n<p><span style=\"font-weight: 400;\">A s\u00fct\u00e9s k\u00f6zben sug\u00e1rz\u00f3 h\u0151vel t\u00f6rt\u00e9nik \u00edgy term\u00e9keken, nem tapasztalhatunk a l\u00e9gkever\u00e9ses kemenc\u00e9kre jellemz\u0151 kisz\u00e1rad\u00e1st.<\/span><\/p>\n<p><span style=\"font-weight: 400;\">El\u0151nye a szerkezeti kialak\u00edt\u00e1sb\u00f3l \u00e9s t\u00f6meg\u00e9b\u0151l ad\u00f3d\u00f3, mindig egyenletes h\u0151 eloszt\u00e1s, csek\u00e9ly h\u0151 vesztes\u00e9g.\u00a0\u00a0<\/span><\/p>\n<p><span style=\"font-weight: 400;\">Jellemz\u0151je a robosztus fel\u00e9p\u00edt\u00e9s, a nagyfok\u00fa megb\u00edzhat\u00f3s\u00e1g.<\/span><\/p>\n<p><strong><img loading=\"lazy\" decoding=\"async\" class=\"alignnone size-large wp-image-1341\" src=\"https:\/\/modernbakery.hu\/wp-content\/uploads\/2021\/06\/mondial-2-700x275.jpg\" alt=\"\" width=\"700\" height=\"275\" srcset=\"https:\/\/modernbakery.hu\/wp-content\/uploads\/2021\/06\/mondial-2-700x275.jpg 700w, https:\/\/modernbakery.hu\/wp-content\/uploads\/2021\/06\/mondial-2-300x118.jpg 300w, https:\/\/modernbakery.hu\/wp-content\/uploads\/2021\/06\/mondial-2-768x302.jpg 768w, https:\/\/modernbakery.hu\/wp-content\/uploads\/2021\/06\/mondial-2.jpg 1412w\" sizes=\"auto, (max-width: 700px) 100vw, 700px\" \/><\/strong><\/p>\n<\/p>\n<p style=\"text-align: center;\"><b>g\u0151zcs\u00f6vek \u00e9s hertek rendje, g\u0151z apar\u00e1tok rendje,<\/b> <b>falazott t\u0171zt\u00e9r kialak\u00edt\u00e1sa:<\/b><\/p>\n<p style=\"text-align: center;\"><strong><img loading=\"lazy\" decoding=\"async\" class=\"alignnone size-large wp-image-1343\" src=\"https:\/\/modernbakery.hu\/wp-content\/uploads\/2021\/06\/mondial-3-700x199.jpg\" alt=\"\" width=\"700\" height=\"199\" srcset=\"https:\/\/modernbakery.hu\/wp-content\/uploads\/2021\/06\/mondial-3-700x199.jpg 700w, https:\/\/modernbakery.hu\/wp-content\/uploads\/2021\/06\/mondial-3-300x85.jpg 300w, https:\/\/modernbakery.hu\/wp-content\/uploads\/2021\/06\/mondial-3-768x219.jpg 768w, https:\/\/modernbakery.hu\/wp-content\/uploads\/2021\/06\/mondial-3.jpg 966w\" sizes=\"auto, (max-width: 700px) 100vw, 700px\" \/><\/strong><\/p>\n<\/p>\n<h4>M\u00e9ret v\u00e1laszt\u00e9k:<\/h4>\n<table>\n<tbody>\n<tr>\n<td><b>model<\/b><\/td>\n<td><b>hertek sz\u00e1ma<\/b><\/td>\n<td><b>vet\u0151helyek sz\u00e1ma hertenk\u00e9nt<\/b><\/td>\n<td><b>\u00f6sszes s\u00fct\u0151fel\u00fclet<\/b><\/p>\n<p><b>m\u00b2<\/b><\/p>\n<\/td>\n<td><b>hert munkamagass\u00e1ga<\/b><\/p>\n<p><b>cm<\/b><\/p>\n<\/td>\n<td><b>s\u00fct\u0151t\u00e9r sz\u00e9less\u00e9g<\/b><\/p>\n<p><b>cm<\/b><\/p>\n<\/td>\n<td><b>s\u00fct\u0151t\u00e9r hossz\u00fas\u00e1g<\/b><\/p>\n<p><b>cm<\/b><\/p>\n<\/td>\n<td><b>k\u00fcls\u0151 sz\u00e9less\u00e9g<\/b><\/p>\n<p><b>cm<\/b><\/p>\n<\/td>\n<td><b>k\u00fcls\u0151 hossz\u00fas\u00e1g<\/b><\/p>\n<p><b>cm<\/b><\/p>\n<\/td>\n<td><b>magass\u00e1g<\/b><\/p>\n<p><b>cm<\/b><\/p>\n<\/td>\n<td><b>energia ig\u00e9ny<\/b><\/p>\n<p><b>kW\/kcal\/h<\/b><\/p>\n<\/td>\n<td><b>elektromos fogyaszt\u00e1s<\/b><\/p>\n<p><b>kW<\/b><\/p>\n<\/td>\n<td><b>saj\u00e1t t\u00f6meg<\/b><\/p>\n<p><b>kg<\/b><\/p>\n<\/td>\n<\/tr>\n<tr>\n<td><b>32 cx<\/b><\/td>\n<td rowspan=\"14\">\n<p><b>3<\/b><\/p>\n<\/td>\n<td rowspan=\"4\">\n<b>2<\/b><\/td>\n<td><b>5,1<\/b><\/td>\n<td rowspan=\"14\">\n<p><b>21-21-21<\/b><\/p>\n<\/td>\n<td rowspan=\"4\">\n<p><b>124<\/b><\/p>\n<\/td>\n<td><b>138<\/b><\/td>\n<td rowspan=\"4\">\n<p><b>190<\/b><\/p>\n<\/td>\n<td><b>269<\/b><\/td>\n<td rowspan=\"14\">\n<p><b>230+30<\/b><\/p>\n<\/td>\n<td><b>58\/49700<\/b><\/td>\n<td rowspan=\"14\">\n<p><b>1,5<\/b><\/p>\n<\/td>\n<td><b>6000<\/b><\/td>\n<\/tr>\n<tr>\n<td><b>32 cs<\/b><\/td>\n<td><b>6,1<\/b><\/td>\n<td><b>165<\/b><\/td>\n<td><b>295<\/b><\/td>\n<td><b>68\/58000<\/b><\/td>\n<td><b>6700<\/b><\/td>\n<\/tr>\n<tr>\n<td><b>32 co<\/b><\/td>\n<td><b>7,6<\/b><\/td>\n<td><b>205<\/b><\/td>\n<td><b>335<\/b><\/td>\n<td><b>79\/68000<\/b><\/td>\n<td><b>7300<\/b><\/td>\n<\/tr>\n<tr>\n<td><b>32 c<\/b><\/td>\n<td><b>8,2<\/b><\/td>\n<td><b>218<\/b><\/td>\n<td><b>348<\/b><\/td>\n<td><b>84\/72000<\/b><\/td>\n<td><b>7550<\/b><\/td>\n<\/tr>\n<tr>\n<td><b>33 cx<\/b><\/td>\n<td rowspan=\"5\">\n<p><b>3<\/b><\/p>\n<\/td>\n<td><b>7,7<\/b><\/td>\n<td rowspan=\"5\">\n<p><b>186<\/b><\/p>\n<\/td>\n<td><b>138<\/b><\/td>\n<td rowspan=\"5\">\n<p><b>252<\/b><\/p>\n<\/td>\n<td><b>269<\/b><\/td>\n<td><b>79\/68000<\/b><\/td>\n<td><b>7350<\/b><\/td>\n<\/tr>\n<tr>\n<td><b>33 cs<\/b><\/td>\n<td><b>9,2<\/b><\/td>\n<td><b>165<\/b><\/td>\n<td><b>295<\/b><\/td>\n<td><b>97\/83000<\/b><\/td>\n<td><b>7900<\/b><\/td>\n<\/tr>\n<tr>\n<td><b>33 co<\/b><\/td>\n<td><b>11,4<\/b><\/td>\n<td><b>205<\/b><\/td>\n<td><b>335<\/b><\/td>\n<td><b>110\/94000<\/b><\/td>\n<td><b>9500<\/b><\/td>\n<\/tr>\n<tr>\n<td><b>33 c<\/b><\/td>\n<td><b>12,2<\/b><\/td>\n<td><b>218<\/b><\/td>\n<td><b>348<\/b><\/td>\n<td><b>115\/99000<\/b><\/td>\n<td><b>9200<\/b><\/td>\n<\/tr>\n<tr>\n<td><b>33 m<\/b><\/td>\n<td><b>13,6<\/b><\/td>\n<td><b>244<\/b><\/td>\n<td><b>375<\/b><\/td>\n<td><b>132\/113000<\/b><\/td>\n<td><b>9900<\/b><\/td>\n<\/tr>\n<tr>\n<td><b>34cs<\/b><\/td>\n<td rowspan=\"5\">\n<p><b>4<\/b><\/p>\n<\/td>\n<td><b>12,2<\/b><\/td>\n<td rowspan=\"5\">\n<p><b>248<\/b><\/p>\n<\/td>\n<td><b>165<\/b><\/td>\n<td rowspan=\"5\">\n<p><b>314<\/b><\/p>\n<\/td>\n<td><b>295<\/b><\/td>\n<td><b>115\/99000<\/b><\/td>\n<td><b>9950<\/b><\/td>\n<\/tr>\n<tr>\n<td><b>34 co<\/b><\/td>\n<td><b>15,2<\/b><\/td>\n<td><b>205<\/b><\/td>\n<td><b>335<\/b><\/td>\n<td><b>140\/120000<\/b><\/td>\n<td><b>11800<\/b><\/td>\n<\/tr>\n<tr>\n<td><b>34 c<\/b><\/td>\n<td><b>16,2<\/b><\/td>\n<td><b>218<\/b><\/td>\n<td><b>348<\/b><\/td>\n<td><b>146\/125000<\/b><\/td>\n<td><b>11500<\/b><\/td>\n<\/tr>\n<tr>\n<td><b>34 m<\/b><\/td>\n<td><b>18,2<\/b><\/td>\n<td><b>244<\/b><\/td>\n<td><b>375<\/b><\/td>\n<td><b>165\/140000<\/b><\/td>\n<td><b>12250<\/b><\/td>\n<\/tr>\n<tr>\n<td><b>34 l<\/b><\/td>\n<td><b>20,2<\/b><\/td>\n<td><b>271<\/b><\/td>\n<td><b>402<\/b><\/td>\n<td><b>180\/155000<\/b><\/td>\n<td><b>13050<\/b><\/td>\n<\/tr>\n<tr>\n<td><b>42 cs<\/b><\/td>\n<td rowspan=\"14\">\n<p><b>4<\/b><\/p>\n<\/td>\n<td rowspan=\"3\">\n<b>2<\/b><\/td>\n<td><b>8,1<\/b><\/td>\n<td rowspan=\"14\">\n<p><b>19-19-19-19<\/b><\/p>\n<\/td>\n<td rowspan=\"3\">\n<b>124<\/b><\/td>\n<td><b>165<\/b><\/td>\n<td rowspan=\"3\">\n<b>190<\/b><\/td>\n<td><b>295<\/b><\/td>\n<td rowspan=\"14\">\n<p><b>230+30<\/b><\/p>\n<\/td>\n<td><b>91\/78000<\/b><\/td>\n<td rowspan=\"14\">\n<p><b>1,5<\/b><\/p>\n<\/td>\n<td><b>7300<\/b><\/td>\n<\/tr>\n<tr>\n<td><b>42 co<\/b><\/td>\n<td><b>10,1<\/b><\/td>\n<td><b>205<\/b><\/td>\n<td><b>335<\/b><\/td>\n<td><b>102\/88000<\/b><\/td>\n<td><b>8000<\/b><\/td>\n<\/tr>\n<tr>\n<td><b>42 c<\/b><\/td>\n<td><b>10,8<\/b><\/td>\n<td><b>218<\/b><\/td>\n<td><b>348<\/b><\/td>\n<td><b>108\/93000<\/b><\/td>\n<td><b>8250<\/b><\/td>\n<\/tr>\n<tr>\n<td><b>43 cx<\/b><\/td>\n<td rowspan=\"6\">\n<p><b>3<\/b><\/p>\n<\/td>\n<td><b>10,3<\/b><\/td>\n<td rowspan=\"6\">\n<p><b>186<\/b><\/p>\n<\/td>\n<td><b>138<\/b><\/td>\n<td rowspan=\"6\">\n<p><b>252<\/b><\/p>\n<\/td>\n<td><b>269<\/b><\/td>\n<td><b>102\/88000<\/b><\/td>\n<td><b>8100<\/b><\/td>\n<\/tr>\n<tr>\n<td><b>43 cs<\/b><\/td>\n<td><b>12,3<\/b><\/td>\n<td><b>165<\/b><\/td>\n<td><b>295<\/b><\/td>\n<td><b>107\/92000<\/b><\/td>\n<td><b>8700<\/b><\/td>\n<\/tr>\n<tr>\n<td><b>43 co<\/b><\/td>\n<td><b>15,2<\/b><\/td>\n<td><b>205<\/b><\/td>\n<td><b>335<\/b><\/td>\n<td><b>140\/120000<\/b><\/td>\n<td><b>9700<\/b><\/td>\n<\/tr>\n<tr>\n<td><b>43 c<\/b><\/td>\n<td><b>16,2<\/b><\/td>\n<td><b>218<\/b><\/td>\n<td><b>348<\/b><\/td>\n<td><b>146\/125000<\/b><\/td>\n<td><b>10050<\/b><\/td>\n<\/tr>\n<tr>\n<td><b>43 m<\/b><\/td>\n<td><b>18,2<\/b><\/td>\n<td><b>244<\/b><\/td>\n<td><b>375<\/b><\/td>\n<td><b>163\/140000<\/b><\/td>\n<td><b>10800<\/b><\/td>\n<\/tr>\n<tr>\n<td><b>43 l<\/b><\/td>\n<td><b>20,2<\/b><\/td>\n<td><b>271<\/b><\/td>\n<td><b>402<\/b><\/td>\n<td><b>180\/155000<\/b><\/td>\n<td><b>11500<\/b><\/td>\n<\/tr>\n<tr>\n<td><b>44 cs<\/b><\/td>\n<td rowspan=\"5\">\n<p><b>4<\/b><\/p>\n<\/td>\n<td><b>16,4<\/b><\/td>\n<td rowspan=\"5\">\n<p><b>248<\/b><\/p>\n<\/td>\n<td><b>165<\/b><\/td>\n<td rowspan=\"5\">\n<p><b>314<\/b><\/p>\n<\/td>\n<td><b>295<\/b><\/td>\n<td><b>149\/128000<\/b><\/td>\n<td><b>10800<\/b><\/td>\n<\/tr>\n<tr>\n<td><b>44 co<\/b><\/td>\n<td><b>20,3<\/b><\/td>\n<td><b>205<\/b><\/td>\n<td><b>335<\/b><\/td>\n<td><b>175\/150000<\/b><\/td>\n<td><b>12400<\/b><\/td>\n<\/tr>\n<tr>\n<td><b>44 c<\/b><\/td>\n<td><b>21,6<\/b><\/td>\n<td><b>218<\/b><\/td>\n<td><b>348<\/b><\/td>\n<td><b>182\/156000<\/b><\/td>\n<td><b>12600<\/b><\/td>\n<\/tr>\n<tr>\n<td><b>44 m<\/b><\/td>\n<td><b>24,2<\/b><\/td>\n<td><b>244<\/b><\/td>\n<td><b>375<\/b><\/td>\n<td><b>200\/172000<\/b><\/td>\n<td><b>13450<\/b><\/td>\n<\/tr>\n<tr>\n<td><b>44 l<\/b><\/td>\n<td><b>26,8<\/b><\/td>\n<td><b>271<\/b><\/td>\n<td><b>402<\/b><\/td>\n<td><b>227\/195000<\/b><\/td>\n<td><b>14350<\/b><\/td>\n<\/tr>\n<\/tbody>\n<\/table>\n<p style=\"text-align: center;\"><b>Az adatok t\u00e1j\u00e9koztat\u00f3 jelleg\u0171ek, a gy\u00e1rt\u00f3 a v\u00e1ltoz\u00e1s jog\u00e1t fenntartja<\/b><b>\u00a0<\/b><\/p>\n<\/div>\n<\/div><\/div><div id=\"panel-628-1-0-1\" class=\"so-panel widget widget_sow-button panel-last-child\" data-index=\"2\" ><div\n\t\t\t\n\t\t\tclass=\"so-widget-sow-button so-widget-sow-button-atom-1038cf0caefd-628\"\n\t\t\t\n\t\t><div class=\"ow-button-base ow-button-align-center\"\n>\n\t\t\t<a\n\t\t\t\t\thref=\"https:\/\/modernbakery.hu\/\/pdf\/MONDIAL_GB_01.pdf\"\n\t\t\t\t\tclass=\"sowb-button ow-icon-placement-left ow-button-hover\" target=\"_blank\" rel=\"noopener noreferrer\" \t>\n\t\t<span>\n\t\t\t\t\t\t\t<div class=\"sow-icon-image\" style=\"background-image: url(https:\/\/modernbakery.hu\/wp-content\/uploads\/2018\/02\/g0ec05439b5b50e2376f33e1ecb83f245d28bf698b5a7c3ace86a22675e5a709ac7509c32d7c5e6d6be84972ab45480fa_1920-150x150.png)\"><\/div>\n\t\t\t\t\n\t\t\tLet\u00f6lthet\u0151 PDF\t\t<\/span>\n\t\t\t<\/a>\n\t<\/div>\n<\/div><\/div><\/div><\/div><\/div>","protected":false},"excerpt":{"rendered":"<p>G\u0151zcs\u00f6ves etage kemenc\u00e9k \u00a0 A Mondial Forni srl. t\u00f6bb mint 60 \u00e9ve foglalkozik s\u00fct\u0151ipari berendez\u00e9sek gy\u00e1rt\u00e1s\u00e1val. F\u0151 profilja a g\u0151zcs\u00f6ves et\u00e1zs kemenc\u00e9k gy\u00e1rt\u00e1sa. Az elm\u00falt id\u0151ben professzion\u00e1lis szintre emelkedett a gy\u00e1rtm\u00e1nyok elk\u00e9sz\u00edt\u00e9s\u00e9nek a technol\u00f3gi\u00e1ja.\u00a0 A berendez\u00e9seket ipari robotok, l\u00e9zerv\u00e1g\u00f3 k\u00e9sz\u00fcl\u00e9kek alkalmaz\u00e1sa mellett k\u00e9sz\u00fclnek a gy\u00e1rt\u00f3sorokon. A kemence k\u00fcls\u0151 megjelen\u00e9se, kezel\u0151szervei: A berendez\u00e9s k\u00fcls\u0151 megjelen\u00e9se, megfelel [&hellip;]<\/p>\n","protected":false},"author":4,"featured_media":0,"parent":0,"menu_order":0,"comment_status":"closed","ping_status":"closed","template":"","meta":{"footnotes":""},"class_list":["post-628","page","type-page","status-publish","hentry"],"_links":{"self":[{"href":"https:\/\/modernbakery.hu\/index.php?rest_route=\/wp\/v2\/pages\/628","targetHints":{"allow":["GET"]}}],"collection":[{"href":"https:\/\/modernbakery.hu\/index.php?rest_route=\/wp\/v2\/pages"}],"about":[{"href":"https:\/\/modernbakery.hu\/index.php?rest_route=\/wp\/v2\/types\/page"}],"author":[{"embeddable":true,"href":"https:\/\/modernbakery.hu\/index.php?rest_route=\/wp\/v2\/users\/4"}],"replies":[{"embeddable":true,"href":"https:\/\/modernbakery.hu\/index.php?rest_route=%2Fwp%2Fv2%2Fcomments&post=628"}],"version-history":[{"count":11,"href":"https:\/\/modernbakery.hu\/index.php?rest_route=\/wp\/v2\/pages\/628\/revisions"}],"predecessor-version":[{"id":631,"href":"https:\/\/modernbakery.hu\/index.php?rest_route=\/wp\/v2\/pages\/628\/revisions\/631"}],"wp:attachment":[{"href":"https:\/\/modernbakery.hu\/index.php?rest_route=%2Fwp%2Fv2%2Fmedia&parent=628"}],"curies":[{"name":"wp","href":"https:\/\/api.w.org\/{rel}","templated":true}]}}