{"id":665,"date":"2018-02-23T10:03:40","date_gmt":"2018-02-23T10:03:40","guid":{"rendered":"https:\/\/modernbakery.hu\/?page_id=665"},"modified":"2021-06-25T07:48:45","modified_gmt":"2021-06-25T07:48:45","slug":"sokkolo-fagyaszto-kamrak","status":"publish","type":"page","link":"https:\/\/modernbakery.hu\/?page_id=665","title":{"rendered":"Sokkol\u00f3 fagyaszt\u00f3 kamr\u00e1k"},"content":{"rendered":"<div id=\"pl-665\"  class=\"panel-layout\" ><div id=\"pg-665-0\"  class=\"panel-grid panel-no-style\" ><div id=\"pgc-665-0-0\"  class=\"panel-grid-cell\" ><div id=\"panel-665-0-0-0\" class=\"so-panel widget widget_sow-editor panel-first-child panel-last-child\" data-index=\"0\" ><div\n\t\t\t\n\t\t\tclass=\"so-widget-sow-editor so-widget-sow-editor-base\"\n\t\t\t\n\t\t>\n<div class=\"siteorigin-widget-tinymce textwidget\">\n\t<h2 style=\"text-align: center;\"><span style=\"color: #a91f24;\">Sokkol\u00f3 fagyaszt\u00f3 kamr\u00e1k<\/span><\/h2>\n<hr \/>\n<\/div>\n<\/div><\/div><\/div><\/div><div id=\"pg-665-1\"  class=\"panel-grid panel-no-style\" ><div id=\"pgc-665-1-0\"  class=\"panel-grid-cell\" ><div id=\"panel-665-1-0-0\" class=\"so-panel widget widget_sow-editor panel-first-child panel-last-child\" data-index=\"1\" ><div\n\t\t\t\n\t\t\tclass=\"so-widget-sow-editor so-widget-sow-editor-base\"\n\t\t\t\n\t\t>\n<div class=\"siteorigin-widget-tinymce textwidget\">\n\t<p><strong>\u00a0<img loading=\"lazy\" decoding=\"async\" class=\"wp-image-666 size-full aligncenter\" src=\"https:\/\/modernbakery.hu\/wp-content\/uploads\/2018\/02\/SUPRO.jpg\" alt=\"\" width=\"284\" height=\"329\" srcset=\"https:\/\/modernbakery.hu\/wp-content\/uploads\/2018\/02\/SUPRO.jpg 284w, https:\/\/modernbakery.hu\/wp-content\/uploads\/2018\/02\/SUPRO-259x300.jpg 259w\" sizes=\"auto, (max-width: 284px) 100vw, 284px\" \/><\/strong><\/p>\n<p><strong>\u00a0<\/strong><\/p>\n<p><strong>\u00a0<\/strong><\/p>\n<\/div>\n<\/div><\/div><\/div><div id=\"pgc-665-1-1\"  class=\"panel-grid-cell\" ><div id=\"panel-665-1-1-0\" class=\"so-panel widget widget_sow-editor panel-first-child panel-last-child\" data-index=\"2\" ><div\n\t\t\t\n\t\t\tclass=\"so-widget-sow-editor so-widget-sow-editor-base\"\n\t\t\t\n\t\t>\n<div class=\"siteorigin-widget-tinymce textwidget\">\n\t<p><strong>Alkalmas 100g n\u00e1l nem nagyobb legal\u00e1bb 50% v\u00edztartalm\u00fa term\u00e9kek h\u0171t\u00e9s\u00e9re, sokkolva fagyaszt\u00e1s\u00e1ta.<\/strong><\/p>\n<p><strong>H\u0171t\u00e9si funkci\u00f3: \u00a0\u00a0\u00a0\u00a0\u00a0\u00a0\u00a0\u00a0\u00a0\u00a0\u00a0\u00a0\u00a0\u00a0\u00a0\u00a0\u00a0\u00a0\u00a0\u00a0\u00a0 +90 \u00b0C r\u00f3l +3 \u00b0C ra t\u00f6rt\u00e9n\u0151 h\u0171t\u00e9s, ciklus id\u0151: 30 perc<\/strong><\/p>\n<p><strong>Sokkolva fagyaszt\u00e1si funkci\u00f3: +90 \u00b0C r\u00f3l -18 \u00b0C ra t\u00f6rt\u00e9n\u0151 h\u0171t\u00e9s, ciklusid\u0151: 60 perc<\/strong><\/p>\n<p><strong>Alap kivitelben szinterezett horganyzott lemez k\u00fcls\u0151 bels\u0151 burkolattal, \/opci\u00f3ban inox \/ saj\u00e1t h\u0171t\u0151egys\u00e9ggel, maximum 10 m-re elhelyezett k\u00fcls\u0151 kompresszor egys\u00e9ggel \u00e9rint\u0151k\u00e9perny\u0151s vez\u00e9rl\u00e9ssel. Egy ajt\u00f3s, k\u00e9t ajt\u00f3s, \u00e1ttol\u00f3 rendszer\u0171 kivitelben<\/strong><\/p>\n<\/div>\n<\/div><\/div><\/div><\/div><div id=\"pg-665-2\"  class=\"panel-grid panel-no-style\" ><div id=\"pgc-665-2-0\"  class=\"panel-grid-cell\" ><div id=\"panel-665-2-0-0\" class=\"so-panel widget widget_sow-editor panel-first-child\" data-index=\"3\" ><div\n\t\t\t\n\t\t\tclass=\"so-widget-sow-editor so-widget-sow-editor-base\"\n\t\t\t\n\t\t><h3 class=\"widget-title\">SUPRO t\u00edpus\u00fa ipari kivitel\u0171 h\u0171t\u0151 sokkol\u00f3 kamra<\/h3>\n<div class=\"siteorigin-widget-tinymce textwidget\">\n\t<table>\n<tbody>\n<tr>\n<td><b>Param\u00e9ter<\/b><\/td>\n<td><b>m\u00e9rt\u00e9k egys\u00e9g<\/b><\/td>\n<td><b>Adat<\/b><\/td>\n<\/tr>\n<tr>\n<td><b>Panel vastags\u00e1g<\/b><\/td>\n<td><b>mm<\/b><\/td>\n<td><span style=\"font-weight: 400;\">100<\/span><\/td>\n<\/tr>\n<tr>\n<td><b>aljzat cs\u00fasz\u00e1smentes fenolgyanta\u00a0<\/b><\/td>\n<td><b>mm<\/b><\/td>\n<td><span style=\"font-weight: 400;\">100<\/span><\/td>\n<\/tr>\n<tr>\n<td><b>k\u00fcls\u0151 sz\u00e9less\u00e9gi m\u00e9retek<\/b><\/td>\n<td><b>mm<\/b><\/td>\n<td><span style=\"font-weight: 400;\">1700<\/span><\/td>\n<\/tr>\n<tr>\n<td><b>k\u00fcls\u0151 hossz\u00fas\u00e1gi m\u00e9retek<\/b><\/td>\n<td><b>mm<\/b><\/td>\n<td><span style=\"font-weight: 400;\">1330-7000<\/span><\/td>\n<\/tr>\n<tr>\n<td><b>k\u00fcls\u0151 magass\u00e1gi m\u00e9ret<\/b><\/td>\n<td><b>mm<\/b><\/td>\n<td><span style=\"font-weight: 400;\">2320<\/span><\/td>\n<\/tr>\n<tr>\n<td><b>ajt\u00f3nyil\u00e1s m\u00e9retek<\/b><\/td>\n<td><b>mm<\/b><\/td>\n<td><span style=\"font-weight: 400;\">710-2520<\/span><\/td>\n<\/tr>\n<tr>\n<td><b>ajt\u00f3k sz\u00e1ma<\/b><\/td>\n<td><b>db<\/b><\/td>\n<td><span style=\"font-weight: 400;\">1-2 vagy \u00e1thord\u00f3 eset\u00e9ben 4<\/span><\/td>\n<\/tr>\n<tr>\n<td><b>vez\u00e9rl\u00e9s\u00a0<\/b><\/td>\n<td><b>-<\/b><\/td>\n<td><span style=\"font-weight: 400;\">PGD3 \u00e9rint\u0151 k\u00e9perny\u0151s<\/span><\/td>\n<\/tr>\n<tr>\n<td><b>befogad\u00f3 k\u00e9pess\u00e9g 60*80-es s\u00fct\u0151kocsib\u00f3l<\/b><\/td>\n<td><b>db<\/b><\/td>\n<td><span style=\"font-weight: 400;\">1-9<\/span><\/td>\n<\/tr>\n<tr>\n<td><b>be\u00e9p\u00edtett kW<\/b><\/td>\n<td><b>kW<\/b><\/td>\n<td><span style=\"font-weight: 400;\">10,5-40<\/span><\/td>\n<\/tr>\n<tr>\n<td><b>h\u0151m\u00e9rs\u00e9klet m\u0171k\u00f6d\u00e9si tartom\u00e1ny<\/b><\/td>\n<td><b>\u00b0C<\/b><\/td>\n<td><span style=\"font-weight: 400;\">+90--42<\/span><\/td>\n<\/tr>\n<tr>\n<td><b>kapacit\u00e1s:<\/b><\/p>\n<p><b>H\u0171t\u00e9si funkci\u00f3:\u00a0<\/b><\/p>\n<p><b>+90 \u00b0C r\u00f3l +3 \u00b0C ra t\u00f6rt\u00e9n\u0151 h\u0171t\u00e9s, ciklus id\u0151: 30 perc<\/b><\/p>\n<\/td>\n<td><b>kg<\/b><\/td>\n<td><span style=\"font-weight: 400;\">70-660<\/span><\/td>\n<\/tr>\n<tr>\n<td><b>kapacit\u00e1s:<\/b><\/p>\n<p><b>Sokkolva fagyaszt\u00e1si funkci\u00f3:<\/b><\/p>\n<p><b>+90 \u00b0C r\u00f3l -18 \u00b0C ra t\u00f6rt\u00e9n\u0151 h\u0171t\u00e9s, ciklusid\u0151: 60 perc<\/b><\/p>\n<\/td>\n<td><b>kg<\/b><\/td>\n<td><span style=\"font-weight: 400;\">70-660<\/span><\/td>\n<\/tr>\n<tr>\n<td><b>H\u0171t\u0151k\u00f6zeg<\/b><\/td>\n<td><\/td>\n<td><span style=\"font-weight: 400;\">R452A<\/span><\/td>\n<\/tr>\n<\/tbody>\n<\/table>\n<p style=\"text-align: center;\">\n<p style=\"text-align: center;\"><b>Az adatok t\u00e1j\u00e9koztat\u00f3 jelleg\u0171ek, a gy\u00e1rt\u00f3 a v\u00e1ltoz\u00e1s jog\u00e1t fenntartja<\/b><\/p>\n<\/div>\n<\/div><\/div><div id=\"panel-665-2-0-1\" class=\"so-panel widget widget_sow-button panel-last-child\" data-index=\"4\" ><div\n\t\t\t\n\t\t\tclass=\"so-widget-sow-button so-widget-sow-button-atom-1038cf0caefd-665\"\n\t\t\t\n\t\t><div class=\"ow-button-base ow-button-align-center\"\n>\n\t\t\t<a\n\t\t\t\t\thref=\"https:\/\/modernbakery.hu\/pdf\/SUPRO.pdf\"\n\t\t\t\t\tclass=\"sowb-button ow-icon-placement-left ow-button-hover\" target=\"_blank\" rel=\"noopener noreferrer\" \t>\n\t\t<span>\n\t\t\t\t\t\t\t<div class=\"sow-icon-image\" style=\"background-image: url(https:\/\/modernbakery.hu\/wp-content\/uploads\/2018\/02\/g0ec05439b5b50e2376f33e1ecb83f245d28bf698b5a7c3ace86a22675e5a709ac7509c32d7c5e6d6be84972ab45480fa_1920-150x150.png)\"><\/div>\n\t\t\t\t\n\t\t\tLet\u00f6lthet\u0151 pdf - SUPRO\t\t<\/span>\n\t\t\t<\/a>\n\t<\/div>\n<\/div><\/div><\/div><\/div><\/div>","protected":false},"excerpt":{"rendered":"<p>Sokkol\u00f3 fagyaszt\u00f3 kamr\u00e1k \u00a0 \u00a0 \u00a0 Alkalmas 100g n\u00e1l nem nagyobb legal\u00e1bb 50% v\u00edztartalm\u00fa term\u00e9kek h\u0171t\u00e9s\u00e9re, sokkolva fagyaszt\u00e1s\u00e1ta. H\u0171t\u00e9si funkci\u00f3: \u00a0\u00a0\u00a0\u00a0\u00a0\u00a0\u00a0\u00a0\u00a0\u00a0\u00a0\u00a0\u00a0\u00a0\u00a0\u00a0\u00a0\u00a0\u00a0\u00a0\u00a0 +90 \u00b0C r\u00f3l +3 \u00b0C ra t\u00f6rt\u00e9n\u0151 h\u0171t\u00e9s, ciklus id\u0151: 30 perc Sokkolva fagyaszt\u00e1si funkci\u00f3: +90 \u00b0C r\u00f3l -18 \u00b0C ra t\u00f6rt\u00e9n\u0151 h\u0171t\u00e9s, ciklusid\u0151: 60 perc Alap kivitelben szinterezett horganyzott lemez k\u00fcls\u0151 bels\u0151 burkolattal, [&hellip;]<\/p>\n","protected":false},"author":4,"featured_media":0,"parent":0,"menu_order":0,"comment_status":"closed","ping_status":"closed","template":"","meta":{"footnotes":""},"class_list":["post-665","page","type-page","status-publish","hentry"],"_links":{"self":[{"href":"https:\/\/modernbakery.hu\/index.php?rest_route=\/wp\/v2\/pages\/665","targetHints":{"allow":["GET"]}}],"collection":[{"href":"https:\/\/modernbakery.hu\/index.php?rest_route=\/wp\/v2\/pages"}],"about":[{"href":"https:\/\/modernbakery.hu\/index.php?rest_route=\/wp\/v2\/types\/page"}],"author":[{"embeddable":true,"href":"https:\/\/modernbakery.hu\/index.php?rest_route=\/wp\/v2\/users\/4"}],"replies":[{"embeddable":true,"href":"https:\/\/modernbakery.hu\/index.php?rest_route=%2Fwp%2Fv2%2Fcomments&post=665"}],"version-history":[{"count":35,"href":"https:\/\/modernbakery.hu\/index.php?rest_route=\/wp\/v2\/pages\/665\/revisions"}],"predecessor-version":[{"id":1377,"href":"https:\/\/modernbakery.hu\/index.php?rest_route=\/wp\/v2\/pages\/665\/revisions\/1377"}],"wp:attachment":[{"href":"https:\/\/modernbakery.hu\/index.php?rest_route=%2Fwp%2Fv2%2Fmedia&parent=665"}],"curies":[{"name":"wp","href":"https:\/\/api.w.org\/{rel}","templated":true}]}}