{"id":991,"date":"2018-03-28T10:22:57","date_gmt":"2018-03-28T10:22:57","guid":{"rendered":"https:\/\/modernbakery.hu\/?page_id=991"},"modified":"2021-07-01T10:44:12","modified_gmt":"2021-07-01T10:44:12","slug":"koztes-pihenteto","status":"publish","type":"page","link":"https:\/\/modernbakery.hu\/?page_id=991","title":{"rendered":"K\u00f6ztes pihentet\u0151"},"content":{"rendered":"<div id=\"pl-991\"  class=\"panel-layout\" ><div id=\"pg-991-0\"  class=\"panel-grid panel-no-style\" ><div id=\"pgc-991-0-0\"  class=\"panel-grid-cell\" ><div id=\"panel-991-0-0-0\" class=\"so-panel widget widget_sow-editor panel-first-child panel-last-child\" data-index=\"0\" ><div\n\t\t\t\n\t\t\tclass=\"so-widget-sow-editor so-widget-sow-editor-base\"\n\t\t\t\n\t\t>\n<div class=\"siteorigin-widget-tinymce textwidget\">\n\t<h2 style=\"text-align: center;\"><span style=\"color: #a91f24;\">K\u00f6ztes pihentet\u0151<\/span><\/h2>\n<hr \/>\n<p>&nbsp;<\/p>\n<\/div>\n<\/div><\/div><\/div><\/div><div id=\"pg-991-1\"  class=\"panel-grid panel-no-style\" ><div id=\"pgc-991-1-0\"  class=\"panel-grid-cell\" ><div id=\"panel-991-1-0-0\" class=\"so-panel widget widget_sow-editor panel-first-child panel-last-child\" data-index=\"1\" ><div\n\t\t\t\n\t\t\tclass=\"so-widget-sow-editor so-widget-sow-editor-base\"\n\t\t\t\n\t\t><h3 class=\"widget-title\">TURRI C t\u00edpus\u00fa k\u00f6ztes pihentet\u0151 berendez\u00e9s rozsdamentes kivitelben<\/h3>\n<div class=\"siteorigin-widget-tinymce textwidget\">\n\t<p><strong>TURRI C t\u00edpus\u00fa k\u00f6ztes pihentet\u0151 berendez\u00e9s rozsdamentes kivitelben, lisztez\u0151vel, lapos term\u00e9ktov\u00e1bb\u00edt\u00f3 t\u00e1lc\u00e1kkal, (zsebek n\u00e9lk\u00fcl):<\/strong><\/p>\n<p><img loading=\"lazy\" decoding=\"async\" class=\"alignnone size-full wp-image-1416\" src=\"https:\/\/modernbakery.hu\/wp-content\/uploads\/2021\/07\/TURRI-C.jpg\" alt=\"\" width=\"349\" height=\"349\" srcset=\"https:\/\/modernbakery.hu\/wp-content\/uploads\/2021\/07\/TURRI-C.jpg 349w, https:\/\/modernbakery.hu\/wp-content\/uploads\/2021\/07\/TURRI-C-300x300.jpg 300w, https:\/\/modernbakery.hu\/wp-content\/uploads\/2021\/07\/TURRI-C-150x150.jpg 150w\" sizes=\"auto, (max-width: 349px) 100vw, 349px\" \/><\/p>\n<p><span style=\"font-weight: 400;\">50-300g=7 db\/t\u00e1lca 427 db<\/span><\/p>\n<p><span style=\"font-weight: 400;\">300-650g=6 db\/t\u00e1lca 336 db<\/span><\/p>\n<p><span style=\"font-weight: 400;\">650-1250g=5 db\/t\u00e1lca 305 db\u00a0<\/span><\/p>\n<p><span style=\"font-weight: 400;\">\u00c9p\u00edt\u00e9si alak kiv\u00e1laszthat\u00f3 a megrendel\u00e9skor, mivel nincsenek f\u00e9szkek \u00edgy alkalmas hossz\u00fa term\u00e9kek kezel\u00e9s\u00e9re is.\u00a0<\/span><\/p>\n<p><span style=\"font-weight: 400;\">Term\u00e9kkihord\u00f3 szalaggal pihentetett t\u00e9szta kil\u00e9p\u00e9si magass\u00e1ga:128 cm<\/span><\/p>\n<p>&nbsp;<\/p>\n<p><span style=\"font-weight: 400;\">A berendez\u00e9s puffert k\u00e9pez a t\u00e9szta feldolgoz\u00e1si vonalba. Alkalmas arra, hogy szakaszosan befogadja, pihentesse, a g\u00f6mb\u00f6ly\u00edt\u0151 berendez\u00e9sr\u0151l leker\u00fcl\u0151 t\u00e9szta darabokat. A pihentet\u00e9s \u00e1thord\u00f3 rendszer\u0171. A kit\u00e1rol\u00e1sn\u00e1l a berendez\u00e9s betartja a Fi-Fo-t. Amelyik t\u00e9sztadarab el\u0151bb \u00e9rkezik, el\u0151bb is hagyja el a g\u00e9pet.<\/span><\/p>\n<p><span style=\"font-weight: 400;\">A berendez\u00e9s a t\u00e9sztapihentet\u00e9shez ide\u00e1lis h\u0151m\u00e9rs\u00e9kletet \u00e9s p\u00e1ratartalmat k\u00e9sz\u00edt. A bels\u0151 t\u00e9r UV l\u00e1mp\u00e1val megvil\u00e1g\u00edtott, hogy a pen\u00e9szgomb\u00e1k szaporod\u00e1s\u00e1t f\u00e9kezze a k\u00e9sz\u00fcl\u00e9k.\u00a0<\/span><\/p>\n<p><span style=\"font-weight: 400;\">Fel\u00e9p\u00edt\u00e9se robosztus, alkalmas folyamatos munkav\u00e9gz\u00e9sre. Kezel\u00e9s\u00e9nek elsaj\u00e1t\u00edt\u00e1sa egyszer\u0171.<\/span><\/p>\n<\/div>\n<\/div><\/div><\/div><\/div><\/div>","protected":false},"excerpt":{"rendered":"<p>K\u00f6ztes pihentet\u0151 &nbsp; TURRI C t\u00edpus\u00fa k\u00f6ztes pihentet\u0151 berendez\u00e9s rozsdamentes kivitelben, lisztez\u0151vel, lapos term\u00e9ktov\u00e1bb\u00edt\u00f3 t\u00e1lc\u00e1kkal, (zsebek n\u00e9lk\u00fcl): 50-300g=7 db\/t\u00e1lca 427 db 300-650g=6 db\/t\u00e1lca 336 db 650-1250g=5 db\/t\u00e1lca 305 db\u00a0 \u00c9p\u00edt\u00e9si alak kiv\u00e1laszthat\u00f3 a megrendel\u00e9skor, mivel nincsenek f\u00e9szkek \u00edgy alkalmas hossz\u00fa term\u00e9kek kezel\u00e9s\u00e9re is.\u00a0 Term\u00e9kkihord\u00f3 szalaggal pihentetett t\u00e9szta kil\u00e9p\u00e9si magass\u00e1ga:128 cm &nbsp; A berendez\u00e9s puffert k\u00e9pez [&hellip;]<\/p>\n","protected":false},"author":4,"featured_media":0,"parent":0,"menu_order":0,"comment_status":"closed","ping_status":"closed","template":"","meta":{"footnotes":""},"class_list":["post-991","page","type-page","status-publish","hentry"],"_links":{"self":[{"href":"https:\/\/modernbakery.hu\/index.php?rest_route=\/wp\/v2\/pages\/991","targetHints":{"allow":["GET"]}}],"collection":[{"href":"https:\/\/modernbakery.hu\/index.php?rest_route=\/wp\/v2\/pages"}],"about":[{"href":"https:\/\/modernbakery.hu\/index.php?rest_route=\/wp\/v2\/types\/page"}],"author":[{"embeddable":true,"href":"https:\/\/modernbakery.hu\/index.php?rest_route=\/wp\/v2\/users\/4"}],"replies":[{"embeddable":true,"href":"https:\/\/modernbakery.hu\/index.php?rest_route=%2Fwp%2Fv2%2Fcomments&post=991"}],"version-history":[{"count":6,"href":"https:\/\/modernbakery.hu\/index.php?rest_route=\/wp\/v2\/pages\/991\/revisions"}],"predecessor-version":[{"id":1417,"href":"https:\/\/modernbakery.hu\/index.php?rest_route=\/wp\/v2\/pages\/991\/revisions\/1417"}],"wp:attachment":[{"href":"https:\/\/modernbakery.hu\/index.php?rest_route=%2Fwp%2Fv2%2Fmedia&parent=991"}],"curies":[{"name":"wp","href":"https:\/\/api.w.org\/{rel}","templated":true}]}}

Köztes pihentető

<div id="pl-991"  class="panel-layout" ><div id="pg-991-0"  class="panel-grid panel-no-style" ><div id="pgc-991-0-0"  class="panel-grid-cell" ><div id="panel-991-0-0-0" class="so-panel widget widget_sow-editor panel-first-child panel-last-child" data-index="0" ><div
			
			class="so-widget-sow-editor so-widget-sow-editor-base"
			
		>
<div class="siteorigin-widget-tinymce textwidget">
	<h2 style="text-align: center;"><span style="color: #a91f24;">Köztes pihentető</span></h2>
<hr />
<p>&nbsp;</p>
</div>
</div></div></div></div><div id="pg-991-1"  class="panel-grid panel-no-style" ><div id="pgc-991-1-0"  class="panel-grid-cell" ><div id="panel-991-1-0-0" class="so-panel widget widget_sow-editor panel-first-child panel-last-child" data-index="1" ><div
			
			class="so-widget-sow-editor so-widget-sow-editor-base"
			
		><h3 class="widget-title">TURRI C típusú köztes pihentető berendezés rozsdamentes kivitelben</h3>
<div class="siteorigin-widget-tinymce textwidget">
	<p><strong>TURRI C típusú köztes pihentető berendezés rozsdamentes kivitelben, lisztezővel, lapos terméktovábbító tálcákkal, (zsebek nélkül):</strong></p>
<p><img loading="lazy" decoding="async" class="alignnone size-full wp-image-1416" src="https://modernbakery.hu/wp-content/uploads/2021/07/TURRI-C.jpg" alt="" width="349" height="349" srcset="https://modernbakery.hu/wp-content/uploads/2021/07/TURRI-C.jpg 349w, https://modernbakery.hu/wp-content/uploads/2021/07/TURRI-C-300x300.jpg 300w, https://modernbakery.hu/wp-content/uploads/2021/07/TURRI-C-150x150.jpg 150w" sizes="auto, (max-width: 349px) 100vw, 349px" /></p>
<p><span style="font-weight: 400;">50-300g=7 db/tálca 427 db</span></p>
<p><span style="font-weight: 400;">300-650g=6 db/tálca 336 db</span></p>
<p><span style="font-weight: 400;">650-1250g=5 db/tálca 305 db </span></p>
<p><span style="font-weight: 400;">Építési alak kiválasztható a megrendeléskor, mivel nincsenek fészkek így alkalmas hosszú termékek kezelésére is. </span></p>
<p><span style="font-weight: 400;">Termékkihordó szalaggal pihentetett tészta kilépési magassága:128 cm</span></p>
<p>&nbsp;</p>
<p><span style="font-weight: 400;">A berendezés puffert képez a tészta feldolgozási vonalba. Alkalmas arra, hogy szakaszosan befogadja, pihentesse, a gömbölyítő berendezésről lekerülő tészta darabokat. A pihentetés áthordó rendszerű. A kitárolásnál a berendezés betartja a Fi-Fo-t. Amelyik tésztadarab előbb érkezik, előbb is hagyja el a gépet.</span></p>
<p><span style="font-weight: 400;">A berendezés a tésztapihentetéshez ideális hőmérsékletet és páratartalmat készít. A belső tér UV lámpával megvilágított, hogy a penészgombák szaporodását fékezze a készülék. </span></p>
<p><span style="font-weight: 400;">Felépítése robosztus, alkalmas folyamatos munkavégzésre. Kezelésének elsajátítása egyszerű.</span></p>
</div>
</div></div></div></div></div>

<p>Köztes pihentető &nbsp; TURRI C típusú köztes pihentető berendezés rozsdamentes kivitelben, lisztezővel, lapos terméktovábbító tálcákkal, (zsebek nélkül): 50-300g=7 db/tálca 427 db 300-650g=6 db/tálca 336 db 650-1250g=5 db/tálca 305 db  Építési alak kiválasztható a megrendeléskor, mivel nincsenek fészkek így alkalmas hosszú termékek kezelésére is.  Termékkihordó szalaggal pihentetett tészta kilépési magassága:128 cm &nbsp; A berendezés puffert képez [&hellip;]</p>
